{"id":21,"date":"2021-09-01T11:46:48","date_gmt":"2021-09-01T11:46:48","guid":{"rendered":"http:\/\/192.168.0.108\/evenio\/?page_id=21"},"modified":"2024-04-11T11:26:36","modified_gmt":"2024-04-11T16:26:36","slug":"informacion","status":"publish","type":"page","link":"https:\/\/iglesiapalabrapura.com\/colombia\/informacion\/","title":{"rendered":"INFORMACI\u00d3N"},"content":{"rendered":"\t\t<div data-elementor-type=\"wp-page\" data-elementor-id=\"21\" class=\"elementor elementor-21\" data-elementor-post-type=\"page\">\n\t\t\t\t\t\t<section class=\"elementor-section elementor-top-section elementor-element elementor-element-f9b7046 elementor-section-stretched elementor-section-boxed elementor-section-height-default elementor-section-height-default\" data-id=\"f9b7046\" data-element_type=\"section\" data-settings=\"{&quot;stretch_section&quot;:&quot;section-stretched&quot;,&quot;background_background&quot;:&quot;classic&quot;}\">\n\t\t\t\t\t\t<div class=\"elementor-container elementor-column-gap-default\">\n\t\t\t\t\t<div class=\"elementor-column elementor-col-50 elementor-top-column elementor-element elementor-element-8c68093\" data-id=\"8c68093\" data-element_type=\"column\">\n\t\t\t<div class=\"elementor-widget-wrap elementor-element-populated\">\n\t\t\t\t\t\t<div class=\"elementor-element elementor-element-c2b1676 elementor-widget elementor-widget-rs-heading\" data-id=\"c2b1676\" data-element_type=\"widget\" data-widget_type=\"rs-heading.default\">\n\t\t\t\t<div class=\"elementor-widget-container\">\n\t\t\t\n        <div class=\"prelements-heading water__slide_no style4 animate- \">\n        \t<div class=\"title-inner\">        \t\t      \t\t\n\t            <h1 class=\"title\"><span class=\"watermark\">Palabra Pura Blaze<\/span>Palabra Pura Blaze<\/h1>\t\t\t\t\n\t\t\t\t\t        <\/div>\n\t                <\/div>\n        \t\t<\/div>\n\t\t\t\t<\/div>\n\t\t\t\t\t<\/div>\n\t\t<\/div>\n\t\t\t\t<div class=\"elementor-column elementor-col-50 elementor-top-column elementor-element elementor-element-4d7319e\" data-id=\"4d7319e\" data-element_type=\"column\">\n\t\t\t<div class=\"elementor-widget-wrap\">\n\t\t\t\t\t\t\t<\/div>\n\t\t<\/div>\n\t\t\t\t\t<\/div>\n\t\t<\/section>\n\t\t\t\t<section class=\"elementor-section elementor-top-section elementor-element elementor-element-b18028e elementor-section-stretched elementor-section-boxed elementor-section-height-default elementor-section-height-default\" data-id=\"b18028e\" data-element_type=\"section\" data-settings=\"{&quot;stretch_section&quot;:&quot;section-stretched&quot;}\">\n\t\t\t\t\t\t<div class=\"elementor-container elementor-column-gap-default\">\n\t\t\t\t\t<div class=\"elementor-column elementor-col-50 elementor-top-column elementor-element elementor-element-73a2b31\" data-id=\"73a2b31\" data-element_type=\"column\">\n\t\t\t<div class=\"elementor-widget-wrap elementor-element-populated\">\n\t\t\t\t\t\t<div class=\"elementor-element elementor-element-11aefc2 elementor-widget elementor-widget-image\" data-id=\"11aefc2\" data-element_type=\"widget\" data-widget_type=\"image.default\">\n\t\t\t\t<div class=\"elementor-widget-container\">\n\t\t\t<style>\/*! elementor - v3.20.0 - 26-03-2024 *\/\n.elementor-widget-image{text-align:center}.elementor-widget-image a{display:inline-block}.elementor-widget-image a img[src$=\".svg\"]{width:48px}.elementor-widget-image img{vertical-align:middle;display:inline-block}<\/style>\t\t\t\t\t\t\t\t\t\t<img fetchpriority=\"high\" decoding=\"async\" width=\"865\" height=\"506\" src=\"https:\/\/ippwebsite2022.fra1.digitaloceanspaces.com\/2022\/05\/entrada-iglesia.jpg\" class=\"attachment-full size-full wp-image-30817\" alt=\"\" srcset=\"https:\/\/ippwebsite2022.fra1.digitaloceanspaces.com\/2022\/05\/entrada-iglesia-300x175.jpg 300w, https:\/\/ippwebsite2022.fra1.digitaloceanspaces.com\/2022\/05\/entrada-iglesia-768x449.jpg 768w, https:\/\/ippwebsite2022.fra1.digitaloceanspaces.com\/2022\/05\/entrada-iglesia-600x351.jpg 600w, https:\/\/ippwebsite2022.fra1.digitaloceanspaces.com\/2022\/05\/entrada-iglesia.jpg 865w\" sizes=\"(max-width: 865px) 100vw, 865px\" \/>\t\t\t\t\t\t\t\t\t\t\t\t\t<\/div>\n\t\t\t\t<\/div>\n\t\t\t\t\t<\/div>\n\t\t<\/div>\n\t\t\t\t<div class=\"elementor-column elementor-col-50 elementor-top-column elementor-element elementor-element-94a85aa\" data-id=\"94a85aa\" data-element_type=\"column\">\n\t\t\t<div class=\"elementor-widget-wrap elementor-element-populated\">\n\t\t\t\t\t\t<div class=\"elementor-element elementor-element-cf5401e elementor-widget elementor-widget-rs-heading\" data-id=\"cf5401e\" data-element_type=\"widget\" data-widget_type=\"rs-heading.default\">\n\t\t\t\t<div class=\"elementor-widget-container\">\n\t\t\t\n        <div class=\"prelements-heading water__slide_ default animate- \">\n        \t<div class=\"title-inner\">        \t\t      \t\t\n\t            <h2 class=\"title\"><span class=\"watermark\"><\/span>Misi\u00f3n<\/h2>\t\t\t\t\n\t\t\t\t\t        <\/div>\n\t                    \t<div class=\"description\">\n            \t\t<p>Entrenar y formar disc\u00edpulos fundamentados en el Evangelio de la Gracia los cuales experimenten los beneficios de la obra perfecta de la cruz de Cristo, y se conviertan en agentes de la obra de la Iglesia.<\/p><h2>Visi\u00f3n<\/h2><p>Expandir el Evangelio de la Gracia a nivel local, nacional e internacional; a trav\u00e9s de la ense\u00f1anza y la predicaci\u00f3n, formando a Cristo en cada creyente para establecer su nueva identidad en \u00c9l.<\/p>            \t\t\n            \t<\/div>\n        \t        <\/div>\n        \t\t<\/div>\n\t\t\t\t<\/div>\n\t\t\t\t\t<\/div>\n\t\t<\/div>\n\t\t\t\t\t<\/div>\n\t\t<\/section>\n\t\t\t\t<section class=\"elementor-section elementor-top-section elementor-element elementor-element-8dd3838 elementor-section-boxed elementor-section-height-default elementor-section-height-default\" data-id=\"8dd3838\" data-element_type=\"section\">\n\t\t\t\t\t\t<div class=\"elementor-container elementor-column-gap-default\">\n\t\t\t\t\t<div class=\"elementor-column elementor-col-33 elementor-top-column elementor-element elementor-element-48ea11e\" data-id=\"48ea11e\" data-element_type=\"column\">\n\t\t\t<div class=\"elementor-widget-wrap elementor-element-populated\">\n\t\t\t\t\t\t<div class=\"elementor-element elementor-element-7ac48d6 elementor-widget elementor-widget-image\" data-id=\"7ac48d6\" data-element_type=\"widget\" data-widget_type=\"image.default\">\n\t\t\t\t<div class=\"elementor-widget-container\">\n\t\t\t\t\t\t\t\t\t\t\t\t\t<img decoding=\"async\" width=\"604\" height=\"580\" src=\"https:\/\/ippwebsite2022.fra1.digitaloceanspaces.com\/2022\/04\/PASTOR-2.png\" class=\"attachment-full size-full wp-image-28544\" alt=\"\" srcset=\"https:\/\/ippwebsite2022.fra1.digitaloceanspaces.com\/2022\/04\/PASTOR-2-300x288.png 300w, https:\/\/ippwebsite2022.fra1.digitaloceanspaces.com\/2022\/04\/PASTOR-2-600x576.png 600w, https:\/\/ippwebsite2022.fra1.digitaloceanspaces.com\/2022\/04\/PASTOR-2.png 604w\" sizes=\"(max-width: 604px) 100vw, 604px\" \/>\t\t\t\t\t\t\t\t\t\t\t\t\t<\/div>\n\t\t\t\t<\/div>\n\t\t\t\t\t<\/div>\n\t\t<\/div>\n\t\t\t\t<div class=\"elementor-column elementor-col-33 elementor-top-column elementor-element elementor-element-3eb1d7f\" data-id=\"3eb1d7f\" data-element_type=\"column\">\n\t\t\t<div class=\"elementor-widget-wrap elementor-element-populated\">\n\t\t\t\t\t\t<div class=\"elementor-element elementor-element-62a09bb elementor-widget elementor-widget-rs-heading\" data-id=\"62a09bb\" data-element_type=\"widget\" data-widget_type=\"rs-heading.default\">\n\t\t\t\t<div class=\"elementor-widget-container\">\n\t\t\t\n        <div class=\"prelements-heading water__slide_ default animate- \">\n        \t<div class=\"title-inner\">        \t\t      \t\t\n\t            <span class=\"sub-text \">PASTORES<\/span><h4 class=\"title\"><span class=\"watermark\"><\/span>RAFAEL &amp; ADRIANA LEMES<\/h4>\t\t\t\t\n\t\t\t\t\t        <\/div>\n\t                    \t<div class=\"description\">\n            \t\t<p>Rafael naci\u00f3 en Espa\u00f1a y desde su infancia se destac\u00f3 en el Deporte, prepar\u00e1ndose como un deportista de alto rendimiento, caracteriz\u00e1ndose por su t\u00e9cnica, disciplina y constancia, caracter\u00edsticas que lo llevaron a atravesar el oc\u00e9ano Atl\u00e1ntico y residir en los Estados Unidos de Am\u00e9rica.<\/p><p>En Estados Unidos recibi\u00f3 el maravilloso Evangelio de la Gracia, y desde su nuevo nacimiento, ha puesto su vida al Servicio del Cuerpo de Cristo. Muy r\u00e1pido se dio cuenta de que Dios le hab\u00eda dado un talento especial para los negocios, por lo que aplicando los Principios B\u00edblicos fund\u00f3 y fue due\u00f1o y socio de varias compa\u00f1\u00edas exitosas que apoyaron generosamente la extensi\u00f3n del Evangelio. Adem\u00e1s, es<strong><b>\u00a0<\/b><\/strong>Piloto Privado.<\/p><p>Al mismo tiempo, decidi\u00f3 prepararse para la obra del Ministerio, en Rhema Bible Training Center, Victory Bible Institute (Tulsa, OK) y Charis Bible College (Raleigh, NC).<\/p><p>Ha servido en el Ministerio por m\u00e1s de 25 a\u00f1os. Desde su graduaci\u00f3n de la primera Universidad B\u00edblica se ha desempe\u00f1ado en las diferentes \u00e1reas Ministeriales como Profesor B\u00edblico, Pastor Asociado, Pastor Principal, Presidente del Ministerio Blaze Ministries International (USA), que se encarga de la ense\u00f1anza del Evangelio de Jesucristo en pa\u00edses de habla hispana. A\u00fan contin\u00faa siendo parte de Juntas directivas de algunos Ministerios, sin embargo, su prioridad principal se ha concentrado en el llamado que recibi\u00f3, junto a su esposa, la Pastora Adriana, en establecer y Pastorear Iglesia Palabra Pura, en la Ciudad de Pereira (Colombia), desde el a\u00f1o 2015, logrando extender su alcance, llevando el Mensaje del Evangelio a trav\u00e9s de los medios de Comunicaci\u00f3n (Radio, Redes Sociales y Televisi\u00f3n). Ahora, extendiendo el Ministerio a Europa en la Ciudad de Valencia, Espa\u00f1a.<\/p><p>Adriana complet\u00f3 sus estudios en Rhema Bible Institute y en Charis Bible School (USA), del Profeta y Maestro Andrew Wommack. Y en el a\u00f1o 2015, junto con su esposo, Rafael, fueron ordenados por el Rev. Andrew Wommack\u00a0 al Ministerio, en Washington D.C.<br \/>Rafael y Adriana cumplen su llamado en las oficinas del Pastor y Maestro llevando la Palabra de la Gracia a los Pa\u00edses Hispanos, deseando que los creyentes disfruten de una Palabra Pura, donde el significado de la muerte y resurrecci\u00f3n de Jesucristo les sea revelado, y por este conocimiento puedan experimentar la transformaci\u00f3n de sus vidas.<\/p>            \t\t\n            \t<\/div>\n        \t        <\/div>\n        \t\t<\/div>\n\t\t\t\t<\/div>\n\t\t\t\t\t<\/div>\n\t\t<\/div>\n\t\t\t\t<div class=\"elementor-column elementor-col-33 elementor-top-column elementor-element elementor-element-1ed3ab4\" data-id=\"1ed3ab4\" data-element_type=\"column\">\n\t\t\t<div class=\"elementor-widget-wrap elementor-element-populated\">\n\t\t\t\t\t\t<div class=\"elementor-element elementor-element-2f1a84a elementor-widget elementor-widget-image\" data-id=\"2f1a84a\" data-element_type=\"widget\" data-widget_type=\"image.default\">\n\t\t\t\t<div class=\"elementor-widget-container\">\n\t\t\t\t\t\t\t\t\t\t\t\t\t<img decoding=\"async\" width=\"604\" height=\"580\" src=\"https:\/\/ippwebsite2022.fra1.digitaloceanspaces.com\/2022\/04\/PASTORA-2.png\" class=\"attachment-full size-full wp-image-28545\" alt=\"\" srcset=\"https:\/\/ippwebsite2022.fra1.digitaloceanspaces.com\/2022\/04\/PASTORA-2-300x288.png 300w, https:\/\/ippwebsite2022.fra1.digitaloceanspaces.com\/2022\/04\/PASTORA-2-600x576.png 600w, https:\/\/ippwebsite2022.fra1.digitaloceanspaces.com\/2022\/04\/PASTORA-2.png 604w\" sizes=\"(max-width: 604px) 100vw, 604px\" \/>\t\t\t\t\t\t\t\t\t\t\t\t\t<\/div>\n\t\t\t\t<\/div>\n\t\t\t\t\t<\/div>\n\t\t<\/div>\n\t\t\t\t\t<\/div>\n\t\t<\/section>\n\t\t\t\t<\/div>\n\t\t","protected":false},"excerpt":{"rendered":"<p>Palabra Pura BlazePalabra Pura Blaze Misi\u00f3n Entrenar y formar disc\u00edpulos fundamentados en el Evangelio de la Gracia los cuales experimenten los beneficios de la obra perfecta de la cruz de Cristo, y se conviertan en agentes de la obra de la Iglesia. Visi\u00f3n Expandir el Evangelio de la Gracia a nivel local, nacional e internacional;&#8230;<\/p>\n","protected":false},"author":2,"featured_media":0,"parent":0,"menu_order":0,"comment_status":"closed","ping_status":"closed","template":"","meta":{"footnotes":""},"class_list":["post-21","page","type-page","status-publish","hentry"],"aioseo_notices":[],"_links":{"self":[{"href":"https:\/\/iglesiapalabrapura.com\/colombia\/wp-json\/wp\/v2\/pages\/21","targetHints":{"allow":["GET"]}}],"collection":[{"href":"https:\/\/iglesiapalabrapura.com\/colombia\/wp-json\/wp\/v2\/pages"}],"about":[{"href":"https:\/\/iglesiapalabrapura.com\/colombia\/wp-json\/wp\/v2\/types\/page"}],"author":[{"embeddable":true,"href":"https:\/\/iglesiapalabrapura.com\/colombia\/wp-json\/wp\/v2\/users\/2"}],"replies":[{"embeddable":true,"href":"https:\/\/iglesiapalabrapura.com\/colombia\/wp-json\/wp\/v2\/comments?post=21"}],"version-history":[{"count":35,"href":"https:\/\/iglesiapalabrapura.com\/colombia\/wp-json\/wp\/v2\/pages\/21\/revisions"}],"predecessor-version":[{"id":39647,"href":"https:\/\/iglesiapalabrapura.com\/colombia\/wp-json\/wp\/v2\/pages\/21\/revisions\/39647"}],"wp:attachment":[{"href":"https:\/\/iglesiapalabrapura.com\/colombia\/wp-json\/wp\/v2\/media?parent=21"}],"curies":[{"name":"wp","href":"https:\/\/api.w.org\/{rel}","templated":true}]}}

INFORMACIÓN

<div data-elementor-type="wp-page" data-elementor-id="21" class="elementor elementor-21" data-elementor-post-type="page">
						<section class="elementor-section elementor-top-section elementor-element elementor-element-f9b7046 elementor-section-stretched elementor-section-boxed elementor-section-height-default elementor-section-height-default" data-id="f9b7046" data-element_type="section" data-settings="{&quot;stretch_section&quot;:&quot;section-stretched&quot;,&quot;background_background&quot;:&quot;classic&quot;}">
						<div class="elementor-container elementor-column-gap-default">
					<div class="elementor-column elementor-col-50 elementor-top-column elementor-element elementor-element-8c68093" data-id="8c68093" data-element_type="column">
			<div class="elementor-widget-wrap elementor-element-populated">
						<div class="elementor-element elementor-element-c2b1676 elementor-widget elementor-widget-rs-heading" data-id="c2b1676" data-element_type="widget" data-widget_type="rs-heading.default">
				<div class="elementor-widget-container">
			
        <div class="prelements-heading water__slide_no style4 animate- ">
        	<div class="title-inner">        		      		
	            <h1 class="title"><span class="watermark">Palabra Pura Blaze</span>Palabra Pura Blaze</h1>				
					        </div>
	                </div>
        		</div>
				</div>
					</div>
		</div>
				<div class="elementor-column elementor-col-50 elementor-top-column elementor-element elementor-element-4d7319e" data-id="4d7319e" data-element_type="column">
			<div class="elementor-widget-wrap">
							</div>
		</div>
					</div>
		</section>
				<section class="elementor-section elementor-top-section elementor-element elementor-element-b18028e elementor-section-stretched elementor-section-boxed elementor-section-height-default elementor-section-height-default" data-id="b18028e" data-element_type="section" data-settings="{&quot;stretch_section&quot;:&quot;section-stretched&quot;}">
						<div class="elementor-container elementor-column-gap-default">
					<div class="elementor-column elementor-col-50 elementor-top-column elementor-element elementor-element-73a2b31" data-id="73a2b31" data-element_type="column">
			<div class="elementor-widget-wrap elementor-element-populated">
						<div class="elementor-element elementor-element-11aefc2 elementor-widget elementor-widget-image" data-id="11aefc2" data-element_type="widget" data-widget_type="image.default">
				<div class="elementor-widget-container">
			<style>/*! elementor - v3.20.0 - 26-03-2024 */
.elementor-widget-image{text-align:center}.elementor-widget-image a{display:inline-block}.elementor-widget-image a img[src$=".svg"]{width:48px}.elementor-widget-image img{vertical-align:middle;display:inline-block}</style>										<img fetchpriority="high" decoding="async" width="865" height="506" src="https://ippwebsite2022.fra1.digitaloceanspaces.com/2022/05/entrada-iglesia.jpg" class="attachment-full size-full wp-image-30817" alt="" srcset="https://ippwebsite2022.fra1.digitaloceanspaces.com/2022/05/entrada-iglesia-300x175.jpg 300w, https://ippwebsite2022.fra1.digitaloceanspaces.com/2022/05/entrada-iglesia-768x449.jpg 768w, https://ippwebsite2022.fra1.digitaloceanspaces.com/2022/05/entrada-iglesia-600x351.jpg 600w, https://ippwebsite2022.fra1.digitaloceanspaces.com/2022/05/entrada-iglesia.jpg 865w" sizes="(max-width: 865px) 100vw, 865px" />													</div>
				</div>
					</div>
		</div>
				<div class="elementor-column elementor-col-50 elementor-top-column elementor-element elementor-element-94a85aa" data-id="94a85aa" data-element_type="column">
			<div class="elementor-widget-wrap elementor-element-populated">
						<div class="elementor-element elementor-element-cf5401e elementor-widget elementor-widget-rs-heading" data-id="cf5401e" data-element_type="widget" data-widget_type="rs-heading.default">
				<div class="elementor-widget-container">
			
        <div class="prelements-heading water__slide_ default animate- ">
        	<div class="title-inner">        		      		
	            <h2 class="title"><span class="watermark"></span>Misión</h2>				
					        </div>
	                    	<div class="description">
            		<p>Entrenar y formar discípulos fundamentados en el Evangelio de la Gracia los cuales experimenten los beneficios de la obra perfecta de la cruz de Cristo, y se conviertan en agentes de la obra de la Iglesia.</p><h2>Visión</h2><p>Expandir el Evangelio de la Gracia a nivel local, nacional e internacional; a través de la enseñanza y la predicación, formando a Cristo en cada creyente para establecer su nueva identidad en Él.</p>            		
            	</div>
        	        </div>
        		</div>
				</div>
					</div>
		</div>
					</div>
		</section>
				<section class="elementor-section elementor-top-section elementor-element elementor-element-8dd3838 elementor-section-boxed elementor-section-height-default elementor-section-height-default" data-id="8dd3838" data-element_type="section">
						<div class="elementor-container elementor-column-gap-default">
					<div class="elementor-column elementor-col-33 elementor-top-column elementor-element elementor-element-48ea11e" data-id="48ea11e" data-element_type="column">
			<div class="elementor-widget-wrap elementor-element-populated">
						<div class="elementor-element elementor-element-7ac48d6 elementor-widget elementor-widget-image" data-id="7ac48d6" data-element_type="widget" data-widget_type="image.default">
				<div class="elementor-widget-container">
													<img decoding="async" width="604" height="580" src="https://ippwebsite2022.fra1.digitaloceanspaces.com/2022/04/PASTOR-2.png" class="attachment-full size-full wp-image-28544" alt="" srcset="https://ippwebsite2022.fra1.digitaloceanspaces.com/2022/04/PASTOR-2-300x288.png 300w, https://ippwebsite2022.fra1.digitaloceanspaces.com/2022/04/PASTOR-2-600x576.png 600w, https://ippwebsite2022.fra1.digitaloceanspaces.com/2022/04/PASTOR-2.png 604w" sizes="(max-width: 604px) 100vw, 604px" />													</div>
				</div>
					</div>
		</div>
				<div class="elementor-column elementor-col-33 elementor-top-column elementor-element elementor-element-3eb1d7f" data-id="3eb1d7f" data-element_type="column">
			<div class="elementor-widget-wrap elementor-element-populated">
						<div class="elementor-element elementor-element-62a09bb elementor-widget elementor-widget-rs-heading" data-id="62a09bb" data-element_type="widget" data-widget_type="rs-heading.default">
				<div class="elementor-widget-container">
			
        <div class="prelements-heading water__slide_ default animate- ">
        	<div class="title-inner">        		      		
	            <span class="sub-text ">PASTORES</span><h4 class="title"><span class="watermark"></span>RAFAEL &amp; ADRIANA LEMES</h4>				
					        </div>
	                    	<div class="description">
            		<p>Rafael nació en España y desde su infancia se destacó en el Deporte, preparándose como un deportista de alto rendimiento, caracterizándose por su técnica, disciplina y constancia, características que lo llevaron a atravesar el océano Atlántico y residir en los Estados Unidos de América.</p><p>En Estados Unidos recibió el maravilloso Evangelio de la Gracia, y desde su nuevo nacimiento, ha puesto su vida al Servicio del Cuerpo de Cristo. Muy rápido se dio cuenta de que Dios le había dado un talento especial para los negocios, por lo que aplicando los Principios Bíblicos fundó y fue dueño y socio de varias compañías exitosas que apoyaron generosamente la extensión del Evangelio. Además, es<strong><b> </b></strong>Piloto Privado.</p><p>Al mismo tiempo, decidió prepararse para la obra del Ministerio, en Rhema Bible Training Center, Victory Bible Institute (Tulsa, OK) y Charis Bible College (Raleigh, NC).</p><p>Ha servido en el Ministerio por más de 25 años. Desde su graduación de la primera Universidad Bíblica se ha desempeñado en las diferentes áreas Ministeriales como Profesor Bíblico, Pastor Asociado, Pastor Principal, Presidente del Ministerio Blaze Ministries International (USA), que se encarga de la enseñanza del Evangelio de Jesucristo en países de habla hispana. Aún continúa siendo parte de Juntas directivas de algunos Ministerios, sin embargo, su prioridad principal se ha concentrado en el llamado que recibió, junto a su esposa, la Pastora Adriana, en establecer y Pastorear Iglesia Palabra Pura, en la Ciudad de Pereira (Colombia), desde el año 2015, logrando extender su alcance, llevando el Mensaje del Evangelio a través de los medios de Comunicación (Radio, Redes Sociales y Televisión). Ahora, extendiendo el Ministerio a Europa en la Ciudad de Valencia, España.</p><p>Adriana completó sus estudios en Rhema Bible Institute y en Charis Bible School (USA), del Profeta y Maestro Andrew Wommack. Y en el año 2015, junto con su esposo, Rafael, fueron ordenados por el Rev. Andrew Wommack  al Ministerio, en Washington D.C.<br />Rafael y Adriana cumplen su llamado en las oficinas del Pastor y Maestro llevando la Palabra de la Gracia a los Países Hispanos, deseando que los creyentes disfruten de una Palabra Pura, donde el significado de la muerte y resurrección de Jesucristo les sea revelado, y por este conocimiento puedan experimentar la transformación de sus vidas.</p>            		
            	</div>
        	        </div>
        		</div>
				</div>
					</div>
		</div>
				<div class="elementor-column elementor-col-33 elementor-top-column elementor-element elementor-element-1ed3ab4" data-id="1ed3ab4" data-element_type="column">
			<div class="elementor-widget-wrap elementor-element-populated">
						<div class="elementor-element elementor-element-2f1a84a elementor-widget elementor-widget-image" data-id="2f1a84a" data-element_type="widget" data-widget_type="image.default">
				<div class="elementor-widget-container">
													<img decoding="async" width="604" height="580" src="https://ippwebsite2022.fra1.digitaloceanspaces.com/2022/04/PASTORA-2.png" class="attachment-full size-full wp-image-28545" alt="" srcset="https://ippwebsite2022.fra1.digitaloceanspaces.com/2022/04/PASTORA-2-300x288.png 300w, https://ippwebsite2022.fra1.digitaloceanspaces.com/2022/04/PASTORA-2-600x576.png 600w, https://ippwebsite2022.fra1.digitaloceanspaces.com/2022/04/PASTORA-2.png 604w" sizes="(max-width: 604px) 100vw, 604px" />													</div>
				</div>
					</div>
		</div>
					</div>
		</section>
				</div>

<p>Palabra Pura BlazePalabra Pura Blaze Misión Entrenar y formar discípulos fundamentados en el Evangelio de la Gracia los cuales experimenten los beneficios de la obra perfecta de la cruz de Cristo, y se conviertan en agentes de la obra de la Iglesia. Visión Expandir el Evangelio de la Gracia a nivel local, nacional e internacional;&#8230;</p>
