{"id":35534,"date":"2023-02-01T11:40:32","date_gmt":"2023-02-01T16:40:32","guid":{"rendered":"https:\/\/iglesiapalabrapura.com\/site\/?page_id=35534"},"modified":"2026-01-23T10:54:21","modified_gmt":"2026-01-23T15:54:21","slug":"testimonios-de-los-socios","status":"publish","type":"page","link":"https:\/\/iglesiapalabrapura.com\/site\/testimonios-de-los-socios\/","title":{"rendered":"Testimonios de Miembros Alrededor del Mundo"},"content":{"rendered":"\t\t<div data-elementor-type=\"wp-page\" data-elementor-id=\"35534\" class=\"elementor elementor-35534\" data-elementor-post-type=\"page\">\n\t\t\t\t\t\t<section class=\"elementor-section elementor-top-section elementor-element elementor-element-ae25368 elementor-section-stretched elementor-hidden-mobile elementor-section-boxed elementor-section-height-default elementor-section-height-default\" data-id=\"ae25368\" data-element_type=\"section\" data-settings=\"{&quot;stretch_section&quot;:&quot;section-stretched&quot;,&quot;background_background&quot;:&quot;classic&quot;}\">\n\t\t\t\t\t\t<div class=\"elementor-container elementor-column-gap-default\">\n\t\t\t\t\t<div class=\"elementor-column elementor-col-50 elementor-top-column elementor-element elementor-element-43d4a0f\" data-id=\"43d4a0f\" data-element_type=\"column\">\n\t\t\t<div class=\"elementor-widget-wrap elementor-element-populated\">\n\t\t\t\t\t\t<div class=\"elementor-element elementor-element-d9adcf5 elementor-widget elementor-widget-rs-heading\" data-id=\"d9adcf5\" data-element_type=\"widget\" data-widget_type=\"rs-heading.default\">\n\t\t\t\t<div class=\"elementor-widget-container\">\n\t\t\t\n        <div class=\"prelements-heading water__slide_no style4 animate- \">\n        \t<div class=\"title-inner\">        \t\t      \t\t\n\t            <h1 class=\"title\"><span class=\"watermark\">Mundo<\/span>Testimonios de nuestros Miembros<\/h1>\t\t\t\t\n\t\t\t\t\t        <\/div>\n\t                <\/div>\n        \t\t<\/div>\n\t\t\t\t<\/div>\n\t\t\t\t\t<\/div>\n\t\t<\/div>\n\t\t\t\t<div class=\"elementor-column elementor-col-50 elementor-top-column elementor-element elementor-element-1664a30\" data-id=\"1664a30\" data-element_type=\"column\">\n\t\t\t<div class=\"elementor-widget-wrap\">\n\t\t\t\t\t\t\t<\/div>\n\t\t<\/div>\n\t\t\t\t\t<\/div>\n\t\t<\/section>\n\t\t\t\t<section class=\"elementor-section elementor-top-section elementor-element elementor-element-835a8e2 elementor-section-stretched elementor-section-full_width elementor-hidden-desktop elementor-hidden-tablet elementor-section-height-default elementor-section-height-default\" data-id=\"835a8e2\" data-element_type=\"section\" data-settings=\"{&quot;stretch_section&quot;:&quot;section-stretched&quot;,&quot;background_background&quot;:&quot;classic&quot;}\">\n\t\t\t\t\t\t<div class=\"elementor-container elementor-column-gap-default\">\n\t\t\t\t\t<div class=\"elementor-column elementor-col-100 elementor-top-column elementor-element elementor-element-43052ff\" data-id=\"43052ff\" data-element_type=\"column\">\n\t\t\t<div class=\"elementor-widget-wrap elementor-element-populated\">\n\t\t\t\t\t\t<div class=\"elementor-element elementor-element-45af730 elementor-widget elementor-widget-rs-heading\" data-id=\"45af730\" data-element_type=\"widget\" data-widget_type=\"rs-heading.default\">\n\t\t\t\t<div class=\"elementor-widget-container\">\n\t\t\t\n        <div class=\"prelements-heading water__slide_no style4 animate- \">\n        \t<div class=\"title-inner\">        \t\t      \t\t\n\t            <h1 class=\"title\"><span class=\"watermark\">Socios<\/span>Testimonios de nuestros Miembros<\/h1>\t\t\t\t\n\t\t\t\t\t        <\/div>\n\t                <\/div>\n        \t\t<\/div>\n\t\t\t\t<\/div>\n\t\t\t\t\t<\/div>\n\t\t<\/div>\n\t\t\t\t\t<\/div>\n\t\t<\/section>\n\t\t\t\t<section class=\"elementor-section elementor-top-section elementor-element elementor-element-dcd8497 elementor-section-boxed elementor-section-height-default elementor-section-height-default\" data-id=\"dcd8497\" data-element_type=\"section\">\n\t\t\t\t\t\t<div class=\"elementor-container elementor-column-gap-default\">\n\t\t\t\t\t<div class=\"elementor-column elementor-col-100 elementor-top-column elementor-element elementor-element-9b87334\" data-id=\"9b87334\" data-element_type=\"column\">\n\t\t\t<div class=\"elementor-widget-wrap elementor-element-populated\">\n\t\t\t\t\t\t<div class=\"elementor-element elementor-element-a91b95c elementor-widget elementor-widget-spacer\" data-id=\"a91b95c\" data-element_type=\"widget\" data-widget_type=\"spacer.default\">\n\t\t\t\t<div class=\"elementor-widget-container\">\n\t\t\t<style>\/*! elementor - v3.20.0 - 26-03-2024 *\/\n.elementor-column .elementor-spacer-inner{height:var(--spacer-size)}.e-con{--container-widget-width:100%}.e-con-inner>.elementor-widget-spacer,.e-con>.elementor-widget-spacer{width:var(--container-widget-width,var(--spacer-size));--align-self:var(--container-widget-align-self,initial);--flex-shrink:0}.e-con-inner>.elementor-widget-spacer>.elementor-widget-container,.e-con>.elementor-widget-spacer>.elementor-widget-container{height:100%;width:100%}.e-con-inner>.elementor-widget-spacer>.elementor-widget-container>.elementor-spacer,.e-con>.elementor-widget-spacer>.elementor-widget-container>.elementor-spacer{height:100%}.e-con-inner>.elementor-widget-spacer>.elementor-widget-container>.elementor-spacer>.elementor-spacer-inner,.e-con>.elementor-widget-spacer>.elementor-widget-container>.elementor-spacer>.elementor-spacer-inner{height:var(--container-widget-height,var(--spacer-size))}.e-con-inner>.elementor-widget-spacer.elementor-widget-empty,.e-con>.elementor-widget-spacer.elementor-widget-empty{position:relative;min-height:22px;min-width:22px}.e-con-inner>.elementor-widget-spacer.elementor-widget-empty .elementor-widget-empty-icon,.e-con>.elementor-widget-spacer.elementor-widget-empty .elementor-widget-empty-icon{position:absolute;top:0;bottom:0;left:0;right:0;margin:auto;padding:0;width:22px;height:22px}<\/style>\t\t<div class=\"elementor-spacer\">\n\t\t\t<div class=\"elementor-spacer-inner\"><\/div>\n\t\t<\/div>\n\t\t\t\t<\/div>\n\t\t\t\t<\/div>\n\t\t\t\t<div class=\"elementor-element elementor-element-0fd2744 elementor-widget elementor-widget-rs-heading\" data-id=\"0fd2744\" data-element_type=\"widget\" data-widget_type=\"rs-heading.default\">\n\t\t\t\t<div class=\"elementor-widget-container\">\n\t\t\t\n        <div class=\"prelements-heading water__slide_ default animate- center\">\n        \t<div class=\"title-inner\">        \t\t      \t\t\n\t            <h2 class=\"title\"><span class=\"watermark\"><\/span>TESTIMONIOS DE NUESTROS MIEMBROS<\/h2>\t\t\t\t\n\t\t\t\t\t        <\/div>\n\t                <\/div>\n        \t\t<\/div>\n\t\t\t\t<\/div>\n\t\t\t\t<div class=\"elementor-element elementor-element-c31fab6 elementor-skin-carousel elementor-arrows-yes elementor-pagination-type-bullets elementor-pagination-position-outside elementor-widget elementor-widget-media-carousel\" data-id=\"c31fab6\" data-element_type=\"widget\" data-settings=\"{&quot;skin&quot;:&quot;carousel&quot;,&quot;effect&quot;:&quot;slide&quot;,&quot;show_arrows&quot;:&quot;yes&quot;,&quot;pagination&quot;:&quot;bullets&quot;,&quot;speed&quot;:500,&quot;autoplay&quot;:&quot;yes&quot;,&quot;autoplay_speed&quot;:5000,&quot;loop&quot;:&quot;yes&quot;,&quot;pause_on_hover&quot;:&quot;yes&quot;,&quot;pause_on_interaction&quot;:&quot;yes&quot;,&quot;space_between&quot;:{&quot;unit&quot;:&quot;px&quot;,&quot;size&quot;:10,&quot;sizes&quot;:[]},&quot;space_between_tablet&quot;:{&quot;unit&quot;:&quot;px&quot;,&quot;size&quot;:10,&quot;sizes&quot;:[]},&quot;space_between_mobile&quot;:{&quot;unit&quot;:&quot;px&quot;,&quot;size&quot;:10,&quot;sizes&quot;:[]}}\" data-widget_type=\"media-carousel.default\">\n\t\t\t\t<div class=\"elementor-widget-container\">\n\t\t\t<link rel=\"stylesheet\" href=\"https:\/\/iglesiapalabrapura.com\/site\/wp-content\/plugins\/elementor-pro\/assets\/css\/widget-carousel.min.css\">\t\t<div class=\"elementor-swiper\">\n\t\t\t<div class=\"elementor-main-swiper swiper\">\n\t\t\t\t<div class=\"swiper-wrapper\">\n\t\t\t\t\t\t\t\t\t\t\t<div class=\"swiper-slide\">\n\t\t\t\t\t\t\t<a href=\"https:\/\/ippwebsite2022.fra1.digitaloceanspaces.com\/2023\/02\/miniatura2.jpeg\" data-elementor-open-lightbox=\"yes\" data-elementor-lightbox-slideshow=\"c31fab6\" data-elementor-lightbox-title=\"Suana testimonio\" data-e-action-hash=\"#elementor-action%3Aaction%3Dlightbox%26settings%3DeyJpZCI6MzU1NTMsInVybCI6Imh0dHBzOlwvXC9pcHB3ZWJzaXRlMjAyMi5mcmExLmRpZ2l0YWxvY2VhbnNwYWNlcy5jb21cLzIwMjNcLzAyXC9taW5pYXR1cmEyLmpwZWciLCJzbGlkZXNob3ciOiJjMzFmYWI2In0%3D\" data-elementor-lightbox-video=\"https:\/\/www.youtube.com\/embed\/e6R14EXvIDs?feature=oembed&amp;autoplay=1&amp;rel=0&amp;controls=0\">\t\t<div class=\"elementor-carousel-image\" role=\"img\" aria-label=\"Suana testimonio\" style=\"background-image: url(&#039;https:\/\/ippwebsite2022.fra1.digitaloceanspaces.com\/2023\/02\/miniatura2.jpeg&#039;)\">\n\n\t\t\t\n\t\t\t\t\t\t\t<div class=\"elementor-custom-embed-play\">\n\t\t\t\t\t<i aria-hidden=\"true\" class=\"eicon-play\"><\/i>\t\t\t\t\t<span class=\"elementor-screen-only\">Play<\/span>\n\t\t\t\t<\/div>\n\t\t\t\t\t<\/div>\n\t\t<\/a>\t\t\t\t\t\t<\/div>\n\t\t\t\t\t\t\t\t\t\t\t<div class=\"swiper-slide\">\n\t\t\t\t\t\t\t<a href=\"https:\/\/ippwebsite2022.fra1.digitaloceanspaces.com\/2023\/02\/MINIATURA.jpeg\" data-elementor-open-lightbox=\"yes\" data-elementor-lightbox-slideshow=\"c31fab6\" data-elementor-lightbox-title=\"MINIATURA\" data-e-action-hash=\"#elementor-action%3Aaction%3Dlightbox%26settings%3DeyJpZCI6MzU1NTcsInVybCI6Imh0dHBzOlwvXC9pcHB3ZWJzaXRlMjAyMi5mcmExLmRpZ2l0YWxvY2VhbnNwYWNlcy5jb21cLzIwMjNcLzAyXC9NSU5JQVRVUkEuanBlZyIsInNsaWRlc2hvdyI6ImMzMWZhYjYifQ%3D%3D\" data-elementor-lightbox-video=\"https:\/\/www.youtube.com\/embed\/5UJ3c1qzA3M?feature=oembed&amp;autoplay=1&amp;rel=0&amp;controls=0\">\t\t<div class=\"elementor-carousel-image\" role=\"img\" aria-label=\"MINIATURA\" style=\"background-image: url(&#039;https:\/\/ippwebsite2022.fra1.digitaloceanspaces.com\/2023\/02\/MINIATURA.jpeg&#039;)\">\n\n\t\t\t\n\t\t\t\t\t\t\t<div class=\"elementor-custom-embed-play\">\n\t\t\t\t\t<i aria-hidden=\"true\" class=\"eicon-play\"><\/i>\t\t\t\t\t<span class=\"elementor-screen-only\">Play<\/span>\n\t\t\t\t<\/div>\n\t\t\t\t\t<\/div>\n\t\t<\/a>\t\t\t\t\t\t<\/div>\n\t\t\t\t\t\t\t\t\t\t\t<div class=\"swiper-slide\">\n\t\t\t\t\t\t\t<a href=\"https:\/\/ippwebsite2022.fra1.digitaloceanspaces.com\/2023\/02\/MINIATURA3.jpeg\" data-elementor-open-lightbox=\"yes\" data-elementor-lightbox-slideshow=\"c31fab6\" data-elementor-lightbox-title=\"MINIATURA3\" data-e-action-hash=\"#elementor-action%3Aaction%3Dlightbox%26settings%3DeyJpZCI6MzU1NTgsInVybCI6Imh0dHBzOlwvXC9pcHB3ZWJzaXRlMjAyMi5mcmExLmRpZ2l0YWxvY2VhbnNwYWNlcy5jb21cLzIwMjNcLzAyXC9NSU5JQVRVUkEzLmpwZWciLCJzbGlkZXNob3ciOiJjMzFmYWI2In0%3D\" data-elementor-lightbox-video=\"https:\/\/www.youtube.com\/embed\/nMJq6a4pCOs?feature=oembed&amp;autoplay=1&amp;rel=0&amp;controls=0\">\t\t<div class=\"elementor-carousel-image\" role=\"img\" aria-label=\"MINIATURA3\" style=\"background-image: url(&#039;https:\/\/ippwebsite2022.fra1.digitaloceanspaces.com\/2023\/02\/MINIATURA3.jpeg&#039;)\">\n\n\t\t\t\n\t\t\t\t\t\t\t<div class=\"elementor-custom-embed-play\">\n\t\t\t\t\t<i aria-hidden=\"true\" class=\"eicon-play\"><\/i>\t\t\t\t\t<span class=\"elementor-screen-only\">Play<\/span>\n\t\t\t\t<\/div>\n\t\t\t\t\t<\/div>\n\t\t<\/a>\t\t\t\t\t\t<\/div>\n\t\t\t\t\t\t\t\t\t\t\t<div class=\"swiper-slide\">\n\t\t\t\t\t\t\t<a href=\"https:\/\/ippwebsite2022.fra1.digitaloceanspaces.com\/2023\/03\/IMAGEN-MINIATURA-YOUTUBE.jpg\" data-elementor-open-lightbox=\"yes\" data-elementor-lightbox-slideshow=\"c31fab6\" data-elementor-lightbox-title=\"IMAGEN MINIATURA YOUTUBE\" data-e-action-hash=\"#elementor-action%3Aaction%3Dlightbox%26settings%3DeyJpZCI6MzYwNjQsInVybCI6Imh0dHBzOlwvXC9pcHB3ZWJzaXRlMjAyMi5mcmExLmRpZ2l0YWxvY2VhbnNwYWNlcy5jb21cLzIwMjNcLzAzXC9JTUFHRU4tTUlOSUFUVVJBLVlPVVRVQkUuanBnIiwic2xpZGVzaG93IjoiYzMxZmFiNiJ9\" data-elementor-lightbox-video=\"https:\/\/www.youtube.com\/embed\/kK0teB9mihQ?feature=oembed&amp;autoplay=1&amp;rel=0&amp;controls=0\">\t\t<div class=\"elementor-carousel-image\" role=\"img\" aria-label=\"IMAGEN MINIATURA YOUTUBE\" style=\"background-image: url(&#039;https:\/\/ippwebsite2022.fra1.digitaloceanspaces.com\/2023\/03\/IMAGEN-MINIATURA-YOUTUBE.jpg&#039;)\">\n\n\t\t\t\n\t\t\t\t\t\t\t<div class=\"elementor-custom-embed-play\">\n\t\t\t\t\t<i aria-hidden=\"true\" class=\"eicon-play\"><\/i>\t\t\t\t\t<span class=\"elementor-screen-only\">Play<\/span>\n\t\t\t\t<\/div>\n\t\t\t\t\t<\/div>\n\t\t<\/a>\t\t\t\t\t\t<\/div>\n\t\t\t\t\t\t\t\t\t\t\t<div class=\"swiper-slide\">\n\t\t\t\t\t\t\t<a href=\"https:\/\/ippwebsite2022.fra1.digitaloceanspaces.com\/2023\/03\/IMAGEN-MINIATURA-YOUTUBE-1.jpg\" data-elementor-open-lightbox=\"yes\" data-elementor-lightbox-slideshow=\"c31fab6\" data-elementor-lightbox-title=\"IMAGEN MINIATURA YOUTUBE\" data-e-action-hash=\"#elementor-action%3Aaction%3Dlightbox%26settings%3DeyJpZCI6MzYwNjgsInVybCI6Imh0dHBzOlwvXC9pcHB3ZWJzaXRlMjAyMi5mcmExLmRpZ2l0YWxvY2VhbnNwYWNlcy5jb21cLzIwMjNcLzAzXC9JTUFHRU4tTUlOSUFUVVJBLVlPVVRVQkUtMS5qcGciLCJzbGlkZXNob3ciOiJjMzFmYWI2In0%3D\" data-elementor-lightbox-video=\"https:\/\/www.youtube.com\/embed\/9AnoKIURTCY?feature=oembed&amp;autoplay=1&amp;rel=0&amp;controls=0\">\t\t<div class=\"elementor-carousel-image\" role=\"img\" aria-label=\"IMAGEN MINIATURA YOUTUBE\" style=\"background-image: url(&#039;https:\/\/ippwebsite2022.fra1.digitaloceanspaces.com\/2023\/03\/IMAGEN-MINIATURA-YOUTUBE-1.jpg&#039;)\">\n\n\t\t\t\n\t\t\t\t\t\t\t<div class=\"elementor-custom-embed-play\">\n\t\t\t\t\t<i aria-hidden=\"true\" class=\"eicon-play\"><\/i>\t\t\t\t\t<span class=\"elementor-screen-only\">Play<\/span>\n\t\t\t\t<\/div>\n\t\t\t\t\t<\/div>\n\t\t<\/a>\t\t\t\t\t\t<\/div>\n\t\t\t\t\t\t\t\t\t\t\t<div class=\"swiper-slide\">\n\t\t\t\t\t\t\t<a href=\"https:\/\/ippwebsite2022.fra1.digitaloceanspaces.com\/2023\/03\/IMAGEN-MINIATURA-YOUTUBE-3.jpg\" data-elementor-open-lightbox=\"yes\" data-elementor-lightbox-slideshow=\"c31fab6\" data-elementor-lightbox-title=\"IMAGEN MINIATURA YOUTUBE\" data-e-action-hash=\"#elementor-action%3Aaction%3Dlightbox%26settings%3DeyJpZCI6MzYwNzYsInVybCI6Imh0dHBzOlwvXC9pcHB3ZWJzaXRlMjAyMi5mcmExLmRpZ2l0YWxvY2VhbnNwYWNlcy5jb21cLzIwMjNcLzAzXC9JTUFHRU4tTUlOSUFUVVJBLVlPVVRVQkUtMy5qcGciLCJzbGlkZXNob3ciOiJjMzFmYWI2In0%3D\" data-elementor-lightbox-video=\"https:\/\/www.youtube.com\/embed\/naPwM-xCRhE?feature=oembed&amp;autoplay=1&amp;rel=0&amp;controls=0\">\t\t<div class=\"elementor-carousel-image\" role=\"img\" aria-label=\"IMAGEN MINIATURA YOUTUBE\" style=\"background-image: url(&#039;https:\/\/ippwebsite2022.fra1.digitaloceanspaces.com\/2023\/03\/IMAGEN-MINIATURA-YOUTUBE-3.jpg&#039;)\">\n\n\t\t\t\n\t\t\t\t\t\t\t<div class=\"elementor-custom-embed-play\">\n\t\t\t\t\t<i aria-hidden=\"true\" class=\"eicon-play\"><\/i>\t\t\t\t\t<span class=\"elementor-screen-only\">Play<\/span>\n\t\t\t\t<\/div>\n\t\t\t\t\t<\/div>\n\t\t<\/a>\t\t\t\t\t\t<\/div>\n\t\t\t\t\t\t\t\t\t<\/div>\n\t\t\t\t\t\t\t\t\t\t\t\t\t\t\t<div class=\"swiper-pagination\"><\/div>\n\t\t\t\t\t\t\t\t\t\t\t\t\t\t\t\t<div class=\"elementor-swiper-button elementor-swiper-button-prev\" role=\"button\" tabindex=\"0\">\n\t\t\t\t\t\t\t<i aria-hidden=\"true\" class=\"eicon-chevron-left\"><\/i>\t\t\t\t\t\t\t<span class=\"elementor-screen-only\">Previous<\/span>\n\t\t\t\t\t\t<\/div>\n\t\t\t\t\t\t<div class=\"elementor-swiper-button elementor-swiper-button-next\" role=\"button\" tabindex=\"0\">\n\t\t\t\t\t\t\t<i aria-hidden=\"true\" class=\"eicon-chevron-right\"><\/i>\t\t\t\t\t\t\t<span class=\"elementor-screen-only\">Next<\/span>\n\t\t\t\t\t\t<\/div>\n\t\t\t\t\t\t\t\t\t\t\t\t<\/div>\n\t\t<\/div>\n\t\t\t\t<\/div>\n\t\t\t\t<\/div>\n\t\t\t\t\t<\/div>\n\t\t<\/div>\n\t\t\t\t\t<\/div>\n\t\t<\/section>\n\t\t\t\t<section class=\"elementor-section elementor-top-section elementor-element elementor-element-f0dc9be elementor-section-boxed elementor-section-height-default elementor-section-height-default\" data-id=\"f0dc9be\" data-element_type=\"section\">\n\t\t\t\t\t\t<div class=\"elementor-container elementor-column-gap-default\">\n\t\t\t\t\t<div class=\"elementor-column elementor-col-50 elementor-top-column elementor-element elementor-element-0d3d0b0\" data-id=\"0d3d0b0\" data-element_type=\"column\">\n\t\t\t<div class=\"elementor-widget-wrap elementor-element-populated\">\n\t\t\t\t\t\t<div class=\"elementor-element elementor-element-e30c062 elementor-widget__width-initial elementor-widget elementor-widget-image\" data-id=\"e30c062\" data-element_type=\"widget\" data-widget_type=\"image.default\">\n\t\t\t\t<div class=\"elementor-widget-container\">\n\t\t\t<style>\/*! elementor - v3.20.0 - 26-03-2024 *\/\n.elementor-widget-image{text-align:center}.elementor-widget-image a{display:inline-block}.elementor-widget-image a img[src$=\".svg\"]{width:48px}.elementor-widget-image img{vertical-align:middle;display:inline-block}<\/style>\t\t\t\t\t\t\t\t\t\t<img fetchpriority=\"high\" decoding=\"async\" width=\"640\" height=\"427\" src=\"https:\/\/ippwebsite2022.fra1.digitaloceanspaces.com\/2023\/02\/dispositivos-1024x683.jpg\" class=\"attachment-large size-large wp-image-35522\" alt=\"\" srcset=\"https:\/\/ippwebsite2022.fra1.digitaloceanspaces.com\/2023\/02\/dispositivos-300x200.jpg 300w, https:\/\/ippwebsite2022.fra1.digitaloceanspaces.com\/2023\/02\/dispositivos-1024x683.jpg 1024w, https:\/\/ippwebsite2022.fra1.digitaloceanspaces.com\/2023\/02\/dispositivos-768x512.jpg 768w, https:\/\/ippwebsite2022.fra1.digitaloceanspaces.com\/2023\/02\/dispositivos-365x243.jpg 365w, https:\/\/ippwebsite2022.fra1.digitaloceanspaces.com\/2023\/02\/dispositivos-600x400.jpg 600w, https:\/\/ippwebsite2022.fra1.digitaloceanspaces.com\/2023\/02\/dispositivos.jpg 1080w\" sizes=\"(max-width: 640px) 100vw, 640px\" \/>\t\t\t\t\t\t\t\t\t\t\t\t\t<\/div>\n\t\t\t\t<\/div>\n\t\t\t\t\t<\/div>\n\t\t<\/div>\n\t\t\t\t<div class=\"elementor-column elementor-col-50 elementor-top-column elementor-element elementor-element-b1e50f8\" data-id=\"b1e50f8\" data-element_type=\"column\">\n\t\t\t<div class=\"elementor-widget-wrap elementor-element-populated\">\n\t\t\t\t\t\t<div class=\"elementor-element elementor-element-388896e elementor-widget elementor-widget-rs-animated-heading\" data-id=\"388896e\" data-element_type=\"widget\" data-widget_type=\"rs-animated-heading.default\">\n\t\t\t\t<div class=\"elementor-widget-container\">\n\t\t\t        <div class=\"rs-animated-heading  \">\r\n        \t<div class=\"title-inner\">\t\t\r\n\t            <h2 class=\"title\">\u00bfC\u00f3mo te haces Miembro? \r\n\t\t<\/h2>\t        <\/div>\r\n\t        \r\n        \t\r\n        <\/div>\r\n        <script>\r\n\t\t\tjQuery(document).ready(function($) {\r\n\t\t\t\t$(\".rs-animated-heading .cd-words-wrapper p:first-child\").addClass(\"is-visible\");\r\n\t\t\t});\r\n\t\t<\/script>\t\t<\/div>\n\t\t\t\t<\/div>\n\t\t\t\t<div class=\"elementor-element elementor-element-4282254 elementor-widget elementor-widget-rsfeatureslist\" data-id=\"4282254\" data-element_type=\"widget\" data-widget_type=\"rsfeatureslist.default\">\n\t\t\t\t<div class=\"elementor-widget-container\">\n\t\t\t \n\n        <div class=\"rs-features-list-content\">        \n\n                                    <ul class=\"rs-features-list\">\n                                                    <li class=\"elementor-repeater-item-d22e8d8\">\n                                                                <span class=\"rs-feature-text\">1.Diligencia el formulario de Nuevos Miembros Alrededor del Mundo<\/span>\n                            <\/li>\n                                                    <li class=\"elementor-repeater-item-2095ff0\">\n                                                                <span class=\"rs-feature-text\">2.Identifica el medio de donaci\u00f3n m\u00e1s c\u00f3modo para ti. Una vez realices el aporte, env\u00eda el soporte por el bot\u00f3n indicado.<\/span>\n                            <\/li>\n                                                    <li class=\"elementor-repeater-item-17cbdfc\">\n                                                                <span class=\"rs-feature-text\">3.Nos pondremos en contacto contigo en el menor tiempo posible, para suministrarte los datos de acceso a nuestro Portal.<\/span>\n                            <\/li>\n                                            <\/ul>\n                            \n        <\/div>\n        \t\t<\/div>\n\t\t\t\t<\/div>\n\t\t\t\t<div class=\"elementor-element elementor-element-5522618 elementor-widget__width-initial elementor-widget elementor-widget-rs-button\" data-id=\"5522618\" data-element_type=\"widget\" data-widget_type=\"rs-button.default\">\n\t\t\t\t<div class=\"elementor-widget-container\">\n\t\t\t\t\t\r\n\t\t\t\t\t<div class=\"rs-btn\">\r\n\t\t\t\t\t\t\t\t\t\t\t\t\t\t\t\t\t\t\r\n\t\t\t\t\t<a class=\"rs_button icon-after\" href=\"https:\/\/iglesiapalabrapura.com\/site\/hazte-socio-aqui\/\" >\t\t\t\t\r\n\t\t\t\t\t\t<span class=\"btn_text\">\u00a1Hazte Miembro Online Aqu\u00ed!<\/span>\r\n\t\t\t\t\t\t\t\t\t\t\t\t\t\t\t\t\t\t\t\t\t\t\t\t<\/a>\r\n\t\t\t\t\t\t\t<\/div> \r\n\t\t   \r\n\t\t\t<\/div>\n\t\t\t\t<\/div>\n\t\t\t\t\t<\/div>\n\t\t<\/div>\n\t\t\t\t\t<\/div>\n\t\t<\/section>\n\t\t\t\t<\/div>\n\t\t","protected":false},"excerpt":{"rendered":"<p>MundoTestimonios de nuestros Miembros SociosTestimonios de nuestros Miembros TESTIMONIOS DE NUESTROS MIEMBROS Play Play Play Play Play Play Previous Next \u00bfC\u00f3mo te haces Miembro? 1.Diligencia el formulario de Nuevos Miembros Alrededor del Mundo 2.Identifica el medio de donaci\u00f3n m\u00e1s c\u00f3modo para ti. Una vez realices el aporte, env\u00eda el soporte por el bot\u00f3n indicado. 3.Nos&#8230;<\/p>\n","protected":false},"author":2,"featured_media":0,"parent":0,"menu_order":0,"comment_status":"closed","ping_status":"closed","template":"","meta":{"footnotes":""},"class_list":["post-35534","page","type-page","status-publish","hentry"],"_links":{"self":[{"href":"https:\/\/iglesiapalabrapura.com\/site\/wp-json\/wp\/v2\/pages\/35534","targetHints":{"allow":["GET"]}}],"collection":[{"href":"https:\/\/iglesiapalabrapura.com\/site\/wp-json\/wp\/v2\/pages"}],"about":[{"href":"https:\/\/iglesiapalabrapura.com\/site\/wp-json\/wp\/v2\/types\/page"}],"author":[{"embeddable":true,"href":"https:\/\/iglesiapalabrapura.com\/site\/wp-json\/wp\/v2\/users\/2"}],"replies":[{"embeddable":true,"href":"https:\/\/iglesiapalabrapura.com\/site\/wp-json\/wp\/v2\/comments?post=35534"}],"version-history":[{"count":50,"href":"https:\/\/iglesiapalabrapura.com\/site\/wp-json\/wp\/v2\/pages\/35534\/revisions"}],"predecessor-version":[{"id":41173,"href":"https:\/\/iglesiapalabrapura.com\/site\/wp-json\/wp\/v2\/pages\/35534\/revisions\/41173"}],"wp:attachment":[{"href":"https:\/\/iglesiapalabrapura.com\/site\/wp-json\/wp\/v2\/media?parent=35534"}],"curies":[{"name":"wp","href":"https:\/\/api.w.org\/{rel}","templated":true}]}}