{"id":29086,"date":"2022-04-26T17:02:04","date_gmt":"2022-04-26T22:02:04","guid":{"rendered":"https:\/\/iglesiapalabrapura.com\/site\/?post_type=product&#038;p=29086"},"modified":"2025-06-20T11:36:40","modified_gmt":"2025-06-20T16:36:40","slug":"los-cinco-lenguajes-del-amor","status":"publish","type":"product","link":"https:\/\/iglesiapalabrapura.com\/site\/product\/los-cinco-lenguajes-del-amor\/","title":{"rendered":"Los Cinco Lenguajes del Amor (Casados)"},"content":{"rendered":"","protected":false},"excerpt":{"rendered":"<p>El secreto del amor que perdura<\/p>\n<p>\u00bfC\u00f3mo nos suplimos el uno al otro las profundas necesidades emocionales a fin de sentirnos amados? Si aprendemos eso y lo hacemos, el amor mutuo ser\u00e1 emocionante m\u00e1s all\u00e1 de lo que sentimos alguna vez cuando nos enamoramos.<br \/>\nDr. Gary Chapman<\/p>\n<p>Las parejas que comprenden el lenguaje del amor de cada uno poseen una invaluable ventaja en la b\u00fasqueda del mor que perdura toda la vida: conocen c\u00f3mo hacer de manera eficiente y coherente que ambos se sientan muy amados de verdad. Ese regalo nunca desaparece.<\/p>\n","protected":false},"featured_media":29087,"comment_status":"open","ping_status":"closed","template":"","meta":[],"product_cat":[843,54,1165,1171,1158],"product_tag":[101,69,100],"class_list":{"0":"post-29086","1":"product","2":"type-product","3":"status-publish","4":"has-post-thumbnail","6":"product_cat-garychapman","7":"product_cat-libros","8":"product_cat-matrimonio","9":"product_cat-por-autor","10":"product_cat-por-temas","11":"product_tag-gary-chapman","12":"product_tag-libro","13":"product_tag-los-cinco-lenguajes-del-amor","15":"first","16":"instock","17":"shipping-taxable","18":"purchasable","19":"product-type-simple"},"_links":{"self":[{"href":"https:\/\/iglesiapalabrapura.com\/site\/wp-json\/wp\/v2\/product\/29086","targetHints":{"allow":["GET"]}}],"collection":[{"href":"https:\/\/iglesiapalabrapura.com\/site\/wp-json\/wp\/v2\/product"}],"about":[{"href":"https:\/\/iglesiapalabrapura.com\/site\/wp-json\/wp\/v2\/types\/product"}],"replies":[{"embeddable":true,"href":"https:\/\/iglesiapalabrapura.com\/site\/wp-json\/wp\/v2\/comments?post=29086"}],"wp:featuredmedia":[{"embeddable":true,"href":"https:\/\/iglesiapalabrapura.com\/site\/wp-json\/wp\/v2\/media\/29087"}],"wp:attachment":[{"href":"https:\/\/iglesiapalabrapura.com\/site\/wp-json\/wp\/v2\/media?parent=29086"}],"wp:term":[{"taxonomy":"product_cat","embeddable":true,"href":"https:\/\/iglesiapalabrapura.com\/site\/wp-json\/wp\/v2\/product_cat?post=29086"},{"taxonomy":"product_tag","embeddable":true,"href":"https:\/\/iglesiapalabrapura.com\/site\/wp-json\/wp\/v2\/product_tag?post=29086"}],"curies":[{"name":"wp","href":"https:\/\/api.w.org\/{rel}","templated":true}]}}