{"id":29133,"date":"2022-04-27T09:59:40","date_gmt":"2022-04-27T14:59:40","guid":{"rendered":"https:\/\/iglesiapalabrapura.com\/site\/?post_type=product&#038;p=29133"},"modified":"2024-05-20T17:30:30","modified_gmt":"2024-05-20T22:30:30","slug":"viviendo-en-la-verdad","status":"publish","type":"product","link":"https:\/\/iglesiapalabrapura.com\/site\/product\/viviendo-en-la-verdad\/","title":{"rendered":"Viviendo En La Verdad"},"content":{"rendered":"","protected":false},"excerpt":{"rendered":"<p>\u00bfTener la mente de Cristo?, La Biblia dice que ya la tenemos. \u00bfEn qu\u00e9 piensas todo el d\u00eda, en lo que ves? \u00bfO en c\u00f3mo te sientes? Pero la mente de Cristo, la Sabidur\u00eda de Cristo es espiritual y en esta ense\u00f1anza Melissa Oberrath resalta para nosotros la diferencia entre la Sabidur\u00eda que ganamos con nuestro nacimiento en Cristo y la que nos hered\u00f3 Ad\u00e1n.<\/p>\n<p>Ense\u00f1anza del a\u00f1o 2019<\/p>\n","protected":false},"featured_media":29116,"comment_status":"open","ping_status":"closed","template":"","meta":[],"product_cat":[52,841],"product_tag":[123,116,124,122],"class_list":{"0":"post-29133","1":"product","2":"type-product","3":"status-publish","4":"has-post-thumbnail","6":"product_cat-audioensenanza","7":"product_cat-adrianalemes","8":"product_tag-ensenanza","9":"product_tag-iglesia-palabra-pura","10":"product_tag-pastora-melissa-oberrath","11":"product_tag-viviendo-en-la-verdad","13":"first","14":"instock","15":"downloadable","16":"virtual","17":"purchasable","18":"product-type-simple"},"_links":{"self":[{"href":"https:\/\/iglesiapalabrapura.com\/site\/wp-json\/wp\/v2\/product\/29133","targetHints":{"allow":["GET"]}}],"collection":[{"href":"https:\/\/iglesiapalabrapura.com\/site\/wp-json\/wp\/v2\/product"}],"about":[{"href":"https:\/\/iglesiapalabrapura.com\/site\/wp-json\/wp\/v2\/types\/product"}],"replies":[{"embeddable":true,"href":"https:\/\/iglesiapalabrapura.com\/site\/wp-json\/wp\/v2\/comments?post=29133"}],"wp:featuredmedia":[{"embeddable":true,"href":"https:\/\/iglesiapalabrapura.com\/site\/wp-json\/wp\/v2\/media\/29116"}],"wp:attachment":[{"href":"https:\/\/iglesiapalabrapura.com\/site\/wp-json\/wp\/v2\/media?parent=29133"}],"wp:term":[{"taxonomy":"product_cat","embeddable":true,"href":"https:\/\/iglesiapalabrapura.com\/site\/wp-json\/wp\/v2\/product_cat?post=29133"},{"taxonomy":"product_tag","embeddable":true,"href":"https:\/\/iglesiapalabrapura.com\/site\/wp-json\/wp\/v2\/product_tag?post=29133"}],"curies":[{"name":"wp","href":"https:\/\/api.w.org\/{rel}","templated":true}]}}