{"id":29187,"date":"2022-04-29T11:40:01","date_gmt":"2022-04-29T16:40:01","guid":{"rendered":"https:\/\/iglesiapalabrapura.com\/site\/?post_type=product&#038;p=29187"},"modified":"2024-05-17T11:35:26","modified_gmt":"2024-05-17T16:35:26","slug":"la-dispensacion-de-la-gracia-serie","status":"publish","type":"product","link":"https:\/\/iglesiapalabrapura.com\/site\/product\/la-dispensacion-de-la-gracia-serie\/","title":{"rendered":"La Dispensaci\u00f3n de la Gracia (Serie)"},"content":{"rendered":"","protected":false},"excerpt":{"rendered":"<p class=\"p1\"><span class=\"s1\">Las Dispensaciones son per\u00edodos de tiempo donde Dios se relaciona con el hombre de una forma diferente. En la Palabra encontramos 7 Dispensaciones. A trav\u00e9s de esta Serie de 3 Ense\u00f1anzas, nuestro Pastor Rafael Lemes nos explica cu\u00e1les son las caracter\u00edsticas de estas 7 Dispensaciones, por qu\u00e9 al per\u00edodo de tiempo en el que estamos actualmente se le llama la Dispensaci\u00f3n de la Gracia y cu\u00e1ndo llegar\u00e1 a su final para darle paso a la pr\u00f3xima Dispensaci\u00f3n.<\/span><\/p>\n<p>En esta Serie encontrar\u00e1s la explicaci\u00f3n de las siguientes Dispensaciones:<\/p>\n<ol>\n<li>La Inocencia.<\/li>\n<li>La Conciencia.<\/li>\n<li>Gobierno Humano.<\/li>\n<li>La Promesa.<\/li>\n<li>La Ley.<\/li>\n<li>La Gracia.<\/li>\n<li>Milenio.<\/li>\n<\/ol>\n<p>Ense\u00f1anza del a\u00f1o 2018<\/p>\n","protected":false},"featured_media":29191,"comment_status":"open","ping_status":"closed","template":"","meta":[],"product_cat":[52,840],"product_tag":[116,135,65,120],"class_list":{"0":"post-29187","1":"product","2":"type-product","3":"status-publish","4":"has-post-thumbnail","6":"product_cat-audioensenanza","7":"product_cat-rafael-lemes","8":"product_tag-iglesia-palabra-pura","9":"product_tag-la-dispensacion-de-la-gracia","10":"product_tag-pastor-rafael-lemes","11":"product_tag-serie","13":"first","14":"instock","15":"downloadable","16":"virtual","17":"purchasable","18":"product-type-simple"},"_links":{"self":[{"href":"https:\/\/iglesiapalabrapura.com\/site\/wp-json\/wp\/v2\/product\/29187","targetHints":{"allow":["GET"]}}],"collection":[{"href":"https:\/\/iglesiapalabrapura.com\/site\/wp-json\/wp\/v2\/product"}],"about":[{"href":"https:\/\/iglesiapalabrapura.com\/site\/wp-json\/wp\/v2\/types\/product"}],"replies":[{"embeddable":true,"href":"https:\/\/iglesiapalabrapura.com\/site\/wp-json\/wp\/v2\/comments?post=29187"}],"wp:featuredmedia":[{"embeddable":true,"href":"https:\/\/iglesiapalabrapura.com\/site\/wp-json\/wp\/v2\/media\/29191"}],"wp:attachment":[{"href":"https:\/\/iglesiapalabrapura.com\/site\/wp-json\/wp\/v2\/media?parent=29187"}],"wp:term":[{"taxonomy":"product_cat","embeddable":true,"href":"https:\/\/iglesiapalabrapura.com\/site\/wp-json\/wp\/v2\/product_cat?post=29187"},{"taxonomy":"product_tag","embeddable":true,"href":"https:\/\/iglesiapalabrapura.com\/site\/wp-json\/wp\/v2\/product_tag?post=29187"}],"curies":[{"name":"wp","href":"https:\/\/api.w.org\/{rel}","templated":true}]}}