{"id":29198,"date":"2022-04-29T11:54:39","date_gmt":"2022-04-29T16:54:39","guid":{"rendered":"https:\/\/iglesiapalabrapura.com\/site\/?post_type=product&#038;p=29198"},"modified":"2023-02-03T10:50:43","modified_gmt":"2023-02-03T15:50:43","slug":"problemas-en-el-matrimonio-como-resolverlos-serie","status":"publish","type":"product","link":"https:\/\/iglesiapalabrapura.com\/site\/product\/problemas-en-el-matrimonio-como-resolverlos-serie\/","title":{"rendered":"Problemas en el Matrimonio \u00bfC\u00f3mo Resolverlos? (Serie)"},"content":{"rendered":"","protected":false},"excerpt":{"rendered":"<p class=\"p1\"><span class=\"s1\">Cuando un hombre y una mujer deciden dar el paso hacia el matrimonio, en ese momento se dan cuenta que son 2 personas con diferentes sue\u00f1os y expectativas que deben enfrentarse a diferentes retos y problemas. Pero en la Palabra encontramos importantes Principios para resolver esos problemas matrimoniales. Nuestro Pastor Rafael Lemes a trav\u00e9s de esta Serie de 4 partes, nos ense\u00f1a c\u00f3mo podemos resolver los problemas en el matrimonio.<\/span><\/p>\n<p>Ense\u00f1anza del a\u00f1o 2018<\/p>\n","protected":false},"featured_media":29207,"comment_status":"open","ping_status":"closed","template":"","meta":[],"product_cat":[52],"product_tag":[116,139,65,138,120],"class_list":{"0":"post-29198","1":"product","2":"type-product","3":"status-publish","4":"has-post-thumbnail","6":"product_cat-audioensenanza","7":"product_tag-iglesia-palabra-pura","8":"product_tag-matrimonio","9":"product_tag-pastor-rafael-lemes","10":"product_tag-problemas-en-el-matrimonio-como-resolverlos","11":"product_tag-serie","13":"first","14":"instock","15":"downloadable","16":"virtual","17":"purchasable","18":"product-type-simple"},"_links":{"self":[{"href":"https:\/\/iglesiapalabrapura.com\/site\/wp-json\/wp\/v2\/product\/29198","targetHints":{"allow":["GET"]}}],"collection":[{"href":"https:\/\/iglesiapalabrapura.com\/site\/wp-json\/wp\/v2\/product"}],"about":[{"href":"https:\/\/iglesiapalabrapura.com\/site\/wp-json\/wp\/v2\/types\/product"}],"replies":[{"embeddable":true,"href":"https:\/\/iglesiapalabrapura.com\/site\/wp-json\/wp\/v2\/comments?post=29198"}],"wp:featuredmedia":[{"embeddable":true,"href":"https:\/\/iglesiapalabrapura.com\/site\/wp-json\/wp\/v2\/media\/29207"}],"wp:attachment":[{"href":"https:\/\/iglesiapalabrapura.com\/site\/wp-json\/wp\/v2\/media?parent=29198"}],"wp:term":[{"taxonomy":"product_cat","embeddable":true,"href":"https:\/\/iglesiapalabrapura.com\/site\/wp-json\/wp\/v2\/product_cat?post=29198"},{"taxonomy":"product_tag","embeddable":true,"href":"https:\/\/iglesiapalabrapura.com\/site\/wp-json\/wp\/v2\/product_tag?post=29198"}],"curies":[{"name":"wp","href":"https:\/\/api.w.org\/{rel}","templated":true}]}}