{"id":29256,"date":"2022-04-29T16:50:49","date_gmt":"2022-04-29T21:50:49","guid":{"rendered":"https:\/\/iglesiapalabrapura.com\/site\/?post_type=product&#038;p=29256"},"modified":"2024-05-17T11:34:39","modified_gmt":"2024-05-17T16:34:39","slug":"galatas-la-carta-de-guerra-serie","status":"publish","type":"product","link":"https:\/\/iglesiapalabrapura.com\/site\/product\/galatas-la-carta-de-guerra-serie\/","title":{"rendered":"G\u00e1latas, La Carta de Guerra (Serie)"},"content":{"rendered":"","protected":false},"excerpt":{"rendered":"<p class=\"p1\"><span class=\"s1\">Estudia con nuestro Pastor Rafael Lemes verso a verso la carta de G\u00e1latas conocida como la carta de guerra. Son 10 Ense\u00f1anzas. Encontrar\u00e1s gran revelaci\u00f3n a trav\u00e9s de este estudio de la Palabra.<\/span><\/p>\n<p>Ense\u00f1anza del a\u00f1o 2018<\/p>\n","protected":false},"featured_media":29257,"comment_status":"open","ping_status":"closed","template":"","meta":[],"product_cat":[52,840],"product_tag":[144,116,145,139,65,120],"class_list":{"0":"post-29256","1":"product","2":"type-product","3":"status-publish","4":"has-post-thumbnail","6":"product_cat-audioensenanza","7":"product_cat-rafael-lemes","8":"product_tag-galatas","9":"product_tag-iglesia-palabra-pura","10":"product_tag-la-carta-de-guerra","11":"product_tag-matrimonio","12":"product_tag-pastor-rafael-lemes","13":"product_tag-serie","15":"first","16":"instock","17":"downloadable","18":"virtual","19":"purchasable","20":"product-type-simple"},"_links":{"self":[{"href":"https:\/\/iglesiapalabrapura.com\/site\/wp-json\/wp\/v2\/product\/29256","targetHints":{"allow":["GET"]}}],"collection":[{"href":"https:\/\/iglesiapalabrapura.com\/site\/wp-json\/wp\/v2\/product"}],"about":[{"href":"https:\/\/iglesiapalabrapura.com\/site\/wp-json\/wp\/v2\/types\/product"}],"replies":[{"embeddable":true,"href":"https:\/\/iglesiapalabrapura.com\/site\/wp-json\/wp\/v2\/comments?post=29256"}],"wp:featuredmedia":[{"embeddable":true,"href":"https:\/\/iglesiapalabrapura.com\/site\/wp-json\/wp\/v2\/media\/29257"}],"wp:attachment":[{"href":"https:\/\/iglesiapalabrapura.com\/site\/wp-json\/wp\/v2\/media?parent=29256"}],"wp:term":[{"taxonomy":"product_cat","embeddable":true,"href":"https:\/\/iglesiapalabrapura.com\/site\/wp-json\/wp\/v2\/product_cat?post=29256"},{"taxonomy":"product_tag","embeddable":true,"href":"https:\/\/iglesiapalabrapura.com\/site\/wp-json\/wp\/v2\/product_tag?post=29256"}],"curies":[{"name":"wp","href":"https:\/\/api.w.org\/{rel}","templated":true}]}}