{"id":29295,"date":"2022-04-29T19:07:37","date_gmt":"2022-04-30T00:07:37","guid":{"rendered":"https:\/\/iglesiapalabrapura.com\/site\/?post_type=product&#038;p=29295"},"modified":"2024-05-17T11:33:47","modified_gmt":"2024-05-17T16:33:47","slug":"matrimonio-divorcio-y-nuevo-matrimonio-serie","status":"publish","type":"product","link":"https:\/\/iglesiapalabrapura.com\/site\/product\/matrimonio-divorcio-y-nuevo-matrimonio-serie\/","title":{"rendered":"Matrimonio, Divorcio y Nuevo Matrimonio (Serie)"},"content":{"rendered":"","protected":false},"excerpt":{"rendered":"<p class=\"p1\"><span class=\"s1\">La mayor\u00eda de cristianos frente a los temas del matrimonio, divorcio y nuevo matrimonio tienen mucha ignorancia. Y precisamente esa ignorancia los ha llevado a cometer graves errores tanto de condenaci\u00f3n como de abuso. Nuestro Pastor Rafael Lemes a trav\u00e9s de esta Serie de 4 Ense\u00f1anzas nos explica qu\u00e9 Principios podemos encontrar en la Palabra sobre estos temas.<\/span><\/p>\n<p>Ense\u00f1anza del a\u00f1o 2015<\/p>\n","protected":false},"featured_media":29294,"comment_status":"open","ping_status":"closed","template":"","meta":[],"product_cat":[52,840],"product_tag":[153,116,139,65,120],"class_list":{"0":"post-29295","1":"product","2":"type-product","3":"status-publish","4":"has-post-thumbnail","6":"product_cat-audioensenanza","7":"product_cat-rafael-lemes","8":"product_tag-divorcio-y-nuevo-matrimonio","9":"product_tag-iglesia-palabra-pura","10":"product_tag-matrimonio","11":"product_tag-pastor-rafael-lemes","12":"product_tag-serie","14":"first","15":"instock","16":"downloadable","17":"virtual","18":"purchasable","19":"product-type-simple"},"_links":{"self":[{"href":"https:\/\/iglesiapalabrapura.com\/site\/wp-json\/wp\/v2\/product\/29295","targetHints":{"allow":["GET"]}}],"collection":[{"href":"https:\/\/iglesiapalabrapura.com\/site\/wp-json\/wp\/v2\/product"}],"about":[{"href":"https:\/\/iglesiapalabrapura.com\/site\/wp-json\/wp\/v2\/types\/product"}],"replies":[{"embeddable":true,"href":"https:\/\/iglesiapalabrapura.com\/site\/wp-json\/wp\/v2\/comments?post=29295"}],"wp:featuredmedia":[{"embeddable":true,"href":"https:\/\/iglesiapalabrapura.com\/site\/wp-json\/wp\/v2\/media\/29294"}],"wp:attachment":[{"href":"https:\/\/iglesiapalabrapura.com\/site\/wp-json\/wp\/v2\/media?parent=29295"}],"wp:term":[{"taxonomy":"product_cat","embeddable":true,"href":"https:\/\/iglesiapalabrapura.com\/site\/wp-json\/wp\/v2\/product_cat?post=29295"},{"taxonomy":"product_tag","embeddable":true,"href":"https:\/\/iglesiapalabrapura.com\/site\/wp-json\/wp\/v2\/product_tag?post=29295"}],"curies":[{"name":"wp","href":"https:\/\/api.w.org\/{rel}","templated":true}]}}