{"id":29305,"date":"2022-04-29T19:32:22","date_gmt":"2022-04-30T00:32:22","guid":{"rendered":"https:\/\/iglesiapalabrapura.com\/site\/?post_type=product&#038;p=29305"},"modified":"2024-05-20T17:20:22","modified_gmt":"2024-05-20T22:20:22","slug":"la-pascua-en-el-antiguo-testamento","status":"publish","type":"product","link":"https:\/\/iglesiapalabrapura.com\/site\/product\/la-pascua-en-el-antiguo-testamento\/","title":{"rendered":"La Pascua en el Antiguo Testamento"},"content":{"rendered":"","protected":false},"excerpt":{"rendered":"<p class=\"p1\"><span class=\"s1\">La Palabra nos dice que Jesucristo es nuestra Pascua. En el Antiguo Testamento encontramos la primera Pascua que celebraron los Jud\u00edos en Egipto, este relato est\u00e1 lleno de tipolog\u00edas y sombras que apuntaban a lo que Jesucristo har\u00eda por nosotros en la cruz. Conoce a trav\u00e9s de esta Ense\u00f1anza de nuestra Pastora Adriana H. Lemes a qu\u00e9 estaba apuntando la primera Pascua en el Antiguo Testamento para nuestro beneficio hoy.<\/span><\/p>\n<p>Ense\u00f1anza del a\u00f1o 2015<\/p>\n<p>&nbsp;<\/p>\n","protected":false},"featured_media":29303,"comment_status":"open","ping_status":"closed","template":"","meta":[],"product_cat":[52,841],"product_tag":[123,116,156,62],"class_list":{"0":"post-29305","1":"product","2":"type-product","3":"status-publish","4":"has-post-thumbnail","6":"product_cat-audioensenanza","7":"product_cat-adrianalemes","8":"product_tag-ensenanza","9":"product_tag-iglesia-palabra-pura","10":"product_tag-la-pascua-en-el-antiguo-testamento","11":"product_tag-pastora-adriana-lemes","13":"first","14":"instock","15":"downloadable","16":"virtual","17":"purchasable","18":"product-type-simple"},"_links":{"self":[{"href":"https:\/\/iglesiapalabrapura.com\/site\/wp-json\/wp\/v2\/product\/29305","targetHints":{"allow":["GET"]}}],"collection":[{"href":"https:\/\/iglesiapalabrapura.com\/site\/wp-json\/wp\/v2\/product"}],"about":[{"href":"https:\/\/iglesiapalabrapura.com\/site\/wp-json\/wp\/v2\/types\/product"}],"replies":[{"embeddable":true,"href":"https:\/\/iglesiapalabrapura.com\/site\/wp-json\/wp\/v2\/comments?post=29305"}],"wp:featuredmedia":[{"embeddable":true,"href":"https:\/\/iglesiapalabrapura.com\/site\/wp-json\/wp\/v2\/media\/29303"}],"wp:attachment":[{"href":"https:\/\/iglesiapalabrapura.com\/site\/wp-json\/wp\/v2\/media?parent=29305"}],"wp:term":[{"taxonomy":"product_cat","embeddable":true,"href":"https:\/\/iglesiapalabrapura.com\/site\/wp-json\/wp\/v2\/product_cat?post=29305"},{"taxonomy":"product_tag","embeddable":true,"href":"https:\/\/iglesiapalabrapura.com\/site\/wp-json\/wp\/v2\/product_tag?post=29305"}],"curies":[{"name":"wp","href":"https:\/\/api.w.org\/{rel}","templated":true}]}}