{"id":29337,"date":"2022-04-30T14:01:30","date_gmt":"2022-04-30T19:01:30","guid":{"rendered":"https:\/\/iglesiapalabrapura.com\/site\/?post_type=product&#038;p=29337"},"modified":"2026-04-30T11:52:42","modified_gmt":"2026-04-30T16:52:42","slug":"discipulado-nivel-1-e-book-copia","status":"publish","type":"product","link":"https:\/\/iglesiapalabrapura.com\/site\/product\/discipulado-nivel-1-e-book-copia\/","title":{"rendered":"Discipulado Nivel 1 \u2013 E-book"},"content":{"rendered":"","protected":false},"excerpt":{"rendered":"<p>Nuestros pastores en un esquema sencillo y practico, nos ayudan a entender que fue lo que gano Jesucristo por y para nosotros en la cruz. Y para apropiarnos de aquello que \u00c9l gano necesitamos saber y reconocer qui\u00e9n somos en Cristo y basados en ese conocimiento, podremos hacer uso de todo el poder que ha puesto en nosotros a trav\u00e9s de Su Santo Esp\u00edritu.<\/p>\n","protected":false},"featured_media":29105,"comment_status":"open","ping_status":"closed","template":"","meta":[],"product_cat":[63,1177,1178],"product_tag":[66,115,65],"class_list":{"0":"post-29337","1":"product","2":"type-product","3":"status-publish","4":"has-post-thumbnail","6":"product_cat-e-book","7":"product_cat-por-autor-e-book","8":"product_cat-rafael-lemes-por-autor-e-book","9":"product_tag-blaze-college","10":"product_tag-discipulado-nivel-1","11":"product_tag-pastor-rafael-lemes","13":"first","14":"instock","15":"downloadable","16":"virtual","17":"purchasable","18":"product-type-simple"},"_links":{"self":[{"href":"https:\/\/iglesiapalabrapura.com\/site\/wp-json\/wp\/v2\/product\/29337","targetHints":{"allow":["GET"]}}],"collection":[{"href":"https:\/\/iglesiapalabrapura.com\/site\/wp-json\/wp\/v2\/product"}],"about":[{"href":"https:\/\/iglesiapalabrapura.com\/site\/wp-json\/wp\/v2\/types\/product"}],"replies":[{"embeddable":true,"href":"https:\/\/iglesiapalabrapura.com\/site\/wp-json\/wp\/v2\/comments?post=29337"}],"wp:featuredmedia":[{"embeddable":true,"href":"https:\/\/iglesiapalabrapura.com\/site\/wp-json\/wp\/v2\/media\/29105"}],"wp:attachment":[{"href":"https:\/\/iglesiapalabrapura.com\/site\/wp-json\/wp\/v2\/media?parent=29337"}],"wp:term":[{"taxonomy":"product_cat","embeddable":true,"href":"https:\/\/iglesiapalabrapura.com\/site\/wp-json\/wp\/v2\/product_cat?post=29337"},{"taxonomy":"product_tag","embeddable":true,"href":"https:\/\/iglesiapalabrapura.com\/site\/wp-json\/wp\/v2\/product_tag?post=29337"}],"curies":[{"name":"wp","href":"https:\/\/api.w.org\/{rel}","templated":true}]}}