{"id":29349,"date":"2022-04-30T14:42:16","date_gmt":"2022-04-30T19:42:16","guid":{"rendered":"https:\/\/iglesiapalabrapura.com\/site\/?post_type=product&#038;p=29349"},"modified":"2024-05-20T17:19:01","modified_gmt":"2024-05-20T22:19:01","slug":"metamorfosis","status":"publish","type":"product","link":"https:\/\/iglesiapalabrapura.com\/site\/product\/metamorfosis\/","title":{"rendered":"Metamorfosis"},"content":{"rendered":"","protected":false},"excerpt":{"rendered":"<p class=\"p1\"><span class=\"s1\">La Palabra nos dice que sin renovaci\u00f3n de la mente a trav\u00e9s de la Palabra no hay comprobaci\u00f3n de la buena, agradable y perfecta voluntad. En el Griego se refiere a que es necesaria una metamorfosis. Nuestra Pastora Pastora Adriana H. Lemes nos explica a trav\u00e9s de esta Ense\u00f1anza de qu\u00e9 se trata la metamorfosis en la vida del creyente.<\/span><\/p>\n<p>Ense\u00f1anza del a\u00f1o 2016<\/p>\n","protected":false},"featured_media":29350,"comment_status":"open","ping_status":"closed","template":"","meta":[],"product_cat":[52,841],"product_tag":[123,116,165,62],"class_list":{"0":"post-29349","1":"product","2":"type-product","3":"status-publish","4":"has-post-thumbnail","6":"product_cat-audioensenanza","7":"product_cat-adrianalemes","8":"product_tag-ensenanza","9":"product_tag-iglesia-palabra-pura","10":"product_tag-metamorfosis","11":"product_tag-pastora-adriana-lemes","13":"first","14":"instock","15":"downloadable","16":"virtual","17":"purchasable","18":"product-type-simple"},"_links":{"self":[{"href":"https:\/\/iglesiapalabrapura.com\/site\/wp-json\/wp\/v2\/product\/29349","targetHints":{"allow":["GET"]}}],"collection":[{"href":"https:\/\/iglesiapalabrapura.com\/site\/wp-json\/wp\/v2\/product"}],"about":[{"href":"https:\/\/iglesiapalabrapura.com\/site\/wp-json\/wp\/v2\/types\/product"}],"replies":[{"embeddable":true,"href":"https:\/\/iglesiapalabrapura.com\/site\/wp-json\/wp\/v2\/comments?post=29349"}],"wp:featuredmedia":[{"embeddable":true,"href":"https:\/\/iglesiapalabrapura.com\/site\/wp-json\/wp\/v2\/media\/29350"}],"wp:attachment":[{"href":"https:\/\/iglesiapalabrapura.com\/site\/wp-json\/wp\/v2\/media?parent=29349"}],"wp:term":[{"taxonomy":"product_cat","embeddable":true,"href":"https:\/\/iglesiapalabrapura.com\/site\/wp-json\/wp\/v2\/product_cat?post=29349"},{"taxonomy":"product_tag","embeddable":true,"href":"https:\/\/iglesiapalabrapura.com\/site\/wp-json\/wp\/v2\/product_tag?post=29349"}],"curies":[{"name":"wp","href":"https:\/\/api.w.org\/{rel}","templated":true}]}}