{"id":29355,"date":"2022-04-30T16:26:27","date_gmt":"2022-04-30T21:26:27","guid":{"rendered":"https:\/\/iglesiapalabrapura.com\/site\/?post_type=product&#038;p=29355"},"modified":"2024-05-20T17:18:30","modified_gmt":"2024-05-20T22:18:30","slug":"a-lo-suyo-vino-y-los-suyos-no-le-recibieron","status":"publish","type":"product","link":"https:\/\/iglesiapalabrapura.com\/site\/product\/a-lo-suyo-vino-y-los-suyos-no-le-recibieron\/","title":{"rendered":"A lo Suyo Vino y los Suyos No le Recibieron"},"content":{"rendered":"","protected":false},"excerpt":{"rendered":"<p class=\"p1\"><span class=\"s1\">Nuestra Pastora Adriana H. Lemes nos explica el por qu\u00e9 Jesucristo ech\u00f3 a los mercaderes del Templo y por qu\u00e9 era necesario que tanto Jud\u00edos como gentiles entregaran a Jesucristo a la cruz. Adem\u00e1s, al inicio de esta Ense\u00f1anza conocer\u00e1s detalles de la vida del Ap\u00f3stol Juan, el \u00fanico de los Ap\u00f3stoles que aunque fue martirizado, no muri\u00f3 en el martirio.<\/span><\/p>\n<p>Ense\u00f1anza del a\u00f1o 2017<\/p>\n","protected":false},"featured_media":29356,"comment_status":"open","ping_status":"closed","template":"","meta":[],"product_cat":[52,841],"product_tag":[168,123,116,62],"class_list":{"0":"post-29355","1":"product","2":"type-product","3":"status-publish","4":"has-post-thumbnail","6":"product_cat-audioensenanza","7":"product_cat-adrianalemes","8":"product_tag-a-lo-suyo-vino-y-los-suyos-no-le-recibieron","9":"product_tag-ensenanza","10":"product_tag-iglesia-palabra-pura","11":"product_tag-pastora-adriana-lemes","13":"first","14":"instock","15":"downloadable","16":"virtual","17":"purchasable","18":"product-type-simple"},"_links":{"self":[{"href":"https:\/\/iglesiapalabrapura.com\/site\/wp-json\/wp\/v2\/product\/29355","targetHints":{"allow":["GET"]}}],"collection":[{"href":"https:\/\/iglesiapalabrapura.com\/site\/wp-json\/wp\/v2\/product"}],"about":[{"href":"https:\/\/iglesiapalabrapura.com\/site\/wp-json\/wp\/v2\/types\/product"}],"replies":[{"embeddable":true,"href":"https:\/\/iglesiapalabrapura.com\/site\/wp-json\/wp\/v2\/comments?post=29355"}],"wp:featuredmedia":[{"embeddable":true,"href":"https:\/\/iglesiapalabrapura.com\/site\/wp-json\/wp\/v2\/media\/29356"}],"wp:attachment":[{"href":"https:\/\/iglesiapalabrapura.com\/site\/wp-json\/wp\/v2\/media?parent=29355"}],"wp:term":[{"taxonomy":"product_cat","embeddable":true,"href":"https:\/\/iglesiapalabrapura.com\/site\/wp-json\/wp\/v2\/product_cat?post=29355"},{"taxonomy":"product_tag","embeddable":true,"href":"https:\/\/iglesiapalabrapura.com\/site\/wp-json\/wp\/v2\/product_tag?post=29355"}],"curies":[{"name":"wp","href":"https:\/\/api.w.org\/{rel}","templated":true}]}}