{"id":29360,"date":"2023-04-01T05:00:00","date_gmt":"2023-04-01T10:00:00","guid":{"rendered":"https:\/\/iglesiapalabrapura.com\/site\/?post_type=product&#038;p=29360"},"modified":"2026-04-18T07:56:47","modified_gmt":"2026-04-18T12:56:47","slug":"los-dos-sistemas-del-diezmo-serie","status":"publish","type":"product","link":"https:\/\/iglesiapalabrapura.com\/site\/product\/los-dos-sistemas-del-diezmo-serie\/","title":{"rendered":"Los Dos Sistemas del Diezmo (Serie)"},"content":{"rendered":"","protected":false},"excerpt":{"rendered":"<p class=\"p1\"><span class=\"s1\">Nunca debes dar por obligaci\u00f3n sino por revelaci\u00f3n; nunca debes dar por temor sino por amor. Nuestra Pastora Adriana H. Lemes a trav\u00e9s de esta serie de 2 Ense\u00f1anza, te explica todo lo que necesitas saber sobre el tan fundamental Principio del Diezmo. Conocer\u00e1s cu\u00e1ndo inicio en la historia de la humanidad, qui\u00e9n fue el primero en ponerlo en pr\u00e1ctica, cu\u00e1les son los dos sistemas del Diezmo y sobre cu\u00e1l de estos dos sistemas el creyente debe caminar.<\/span><\/p>\n<p>Ense\u00f1anza del a\u00f1o 2017<\/p>\n","protected":false},"featured_media":36337,"comment_status":"open","ping_status":"closed","template":"","meta":[],"product_cat":[52,841,1182],"product_tag":[116,170,62,120],"class_list":{"0":"post-29360","1":"product","2":"type-product","3":"status-publish","4":"has-post-thumbnail","6":"product_cat-audioensenanza","7":"product_cat-adrianalemes","8":"product_cat-por-autor-audioensenanza","9":"product_tag-iglesia-palabra-pura","10":"product_tag-los-dos-sistemas-del-diezmo","11":"product_tag-pastora-adriana-lemes","12":"product_tag-serie","14":"first","15":"instock","16":"downloadable","17":"virtual","18":"purchasable","19":"product-type-simple"},"_links":{"self":[{"href":"https:\/\/iglesiapalabrapura.com\/site\/wp-json\/wp\/v2\/product\/29360","targetHints":{"allow":["GET"]}}],"collection":[{"href":"https:\/\/iglesiapalabrapura.com\/site\/wp-json\/wp\/v2\/product"}],"about":[{"href":"https:\/\/iglesiapalabrapura.com\/site\/wp-json\/wp\/v2\/types\/product"}],"replies":[{"embeddable":true,"href":"https:\/\/iglesiapalabrapura.com\/site\/wp-json\/wp\/v2\/comments?post=29360"}],"wp:featuredmedia":[{"embeddable":true,"href":"https:\/\/iglesiapalabrapura.com\/site\/wp-json\/wp\/v2\/media\/36337"}],"wp:attachment":[{"href":"https:\/\/iglesiapalabrapura.com\/site\/wp-json\/wp\/v2\/media?parent=29360"}],"wp:term":[{"taxonomy":"product_cat","embeddable":true,"href":"https:\/\/iglesiapalabrapura.com\/site\/wp-json\/wp\/v2\/product_cat?post=29360"},{"taxonomy":"product_tag","embeddable":true,"href":"https:\/\/iglesiapalabrapura.com\/site\/wp-json\/wp\/v2\/product_tag?post=29360"}],"curies":[{"name":"wp","href":"https:\/\/api.w.org\/{rel}","templated":true}]}}