{"id":29367,"date":"2023-05-01T05:00:57","date_gmt":"2023-05-01T10:00:57","guid":{"rendered":"https:\/\/iglesiapalabrapura.com\/site\/?post_type=product&#038;p=29367"},"modified":"2025-06-20T15:13:53","modified_gmt":"2025-06-20T20:13:53","slug":"el-tercer-dia-serie","status":"publish","type":"product","link":"https:\/\/iglesiapalabrapura.com\/site\/product\/el-tercer-dia-serie\/","title":{"rendered":"El Tercer D\u00eda (Serie)"},"content":{"rendered":"","protected":false},"excerpt":{"rendered":"<p class=\"p1\"><span class=\"s1\">El Ap\u00f3stol Pedro nos dice que para el Se\u00f1or un d\u00eda es como mil a\u00f1os, y mil a\u00f1os como un d\u00eda (2 Pedro 3:8). Estamos en el Tercer d\u00eda despu\u00e9s de la cruz. Y es al Tercer d\u00eda que se dar\u00e1 la Resurrecci\u00f3n de los muertos en Cristo, y los hijos de Dios que estemos vivos seremos transformados y raptados juntamente con ellos para recibir al Se\u00f1or en el aire. A trav\u00e9s de estas 2 Ense\u00f1anzas conocer\u00e1s el por qu\u00e9 estamos en el Tercer d\u00eda y c\u00f3mo debes prepararte para ese maravilloso acontecimiento.<\/span><\/p>\n<p>Ense\u00f1anza del a\u00f1o 2018<\/p>\n","protected":false},"featured_media":29368,"comment_status":"open","ping_status":"closed","template":"","meta":[],"product_cat":[52,841,1182],"product_tag":[173,116,62,120],"class_list":{"0":"post-29367","1":"product","2":"type-product","3":"status-publish","4":"has-post-thumbnail","6":"product_cat-audioensenanza","7":"product_cat-adrianalemes","8":"product_cat-por-autor-audioensenanza","9":"product_tag-el-tercer-dia","10":"product_tag-iglesia-palabra-pura","11":"product_tag-pastora-adriana-lemes","12":"product_tag-serie","14":"first","15":"instock","16":"downloadable","17":"virtual","18":"purchasable","19":"product-type-simple"},"_links":{"self":[{"href":"https:\/\/iglesiapalabrapura.com\/site\/wp-json\/wp\/v2\/product\/29367","targetHints":{"allow":["GET"]}}],"collection":[{"href":"https:\/\/iglesiapalabrapura.com\/site\/wp-json\/wp\/v2\/product"}],"about":[{"href":"https:\/\/iglesiapalabrapura.com\/site\/wp-json\/wp\/v2\/types\/product"}],"replies":[{"embeddable":true,"href":"https:\/\/iglesiapalabrapura.com\/site\/wp-json\/wp\/v2\/comments?post=29367"}],"wp:featuredmedia":[{"embeddable":true,"href":"https:\/\/iglesiapalabrapura.com\/site\/wp-json\/wp\/v2\/media\/29368"}],"wp:attachment":[{"href":"https:\/\/iglesiapalabrapura.com\/site\/wp-json\/wp\/v2\/media?parent=29367"}],"wp:term":[{"taxonomy":"product_cat","embeddable":true,"href":"https:\/\/iglesiapalabrapura.com\/site\/wp-json\/wp\/v2\/product_cat?post=29367"},{"taxonomy":"product_tag","embeddable":true,"href":"https:\/\/iglesiapalabrapura.com\/site\/wp-json\/wp\/v2\/product_tag?post=29367"}],"curies":[{"name":"wp","href":"https:\/\/api.w.org\/{rel}","templated":true}]}}