{"id":29390,"date":"2022-05-02T14:51:17","date_gmt":"2022-05-02T19:51:17","guid":{"rendered":"https:\/\/iglesiapalabrapura.com\/site\/?post_type=product&#038;p=29390"},"modified":"2024-05-20T17:17:40","modified_gmt":"2024-05-20T22:17:40","slug":"no-abras-la-puerta-del-horno","status":"publish","type":"product","link":"https:\/\/iglesiapalabrapura.com\/site\/product\/no-abras-la-puerta-del-horno\/","title":{"rendered":"No Abras la Puerta del Horno"},"content":{"rendered":"","protected":false},"excerpt":{"rendered":"<p class=\"p1\"><span class=\"s1\">Todo buen cocinero sabe que no se puede abrir la puerta del horno antes de tiempo, para no \u2018echar a perder\u2019 la receta. Nuestro Pastor Rafael Lemes nos explica a trav\u00e9s de esta analog\u00eda c\u00f3mo por Fe lo que la Gracia ha entregado, hay unos pasos que no podemos pasar por alto para obtener los resultados que tanto esperamos. Aprende c\u00f3mo funciona la Fe.<\/span><\/p>\n<p>Ense\u00f1anza del A\u00f1o 2018<\/p>\n","protected":false},"featured_media":29381,"comment_status":"open","ping_status":"closed","template":"","meta":[],"product_cat":[52,841],"product_tag":[123,116,175,62],"class_list":{"0":"post-29390","1":"product","2":"type-product","3":"status-publish","4":"has-post-thumbnail","6":"product_cat-audioensenanza","7":"product_cat-adrianalemes","8":"product_tag-ensenanza","9":"product_tag-iglesia-palabra-pura","10":"product_tag-no-abras-la-puerta-del-horno","11":"product_tag-pastora-adriana-lemes","13":"first","14":"instock","15":"downloadable","16":"virtual","17":"purchasable","18":"product-type-simple"},"_links":{"self":[{"href":"https:\/\/iglesiapalabrapura.com\/site\/wp-json\/wp\/v2\/product\/29390","targetHints":{"allow":["GET"]}}],"collection":[{"href":"https:\/\/iglesiapalabrapura.com\/site\/wp-json\/wp\/v2\/product"}],"about":[{"href":"https:\/\/iglesiapalabrapura.com\/site\/wp-json\/wp\/v2\/types\/product"}],"replies":[{"embeddable":true,"href":"https:\/\/iglesiapalabrapura.com\/site\/wp-json\/wp\/v2\/comments?post=29390"}],"wp:featuredmedia":[{"embeddable":true,"href":"https:\/\/iglesiapalabrapura.com\/site\/wp-json\/wp\/v2\/media\/29381"}],"wp:attachment":[{"href":"https:\/\/iglesiapalabrapura.com\/site\/wp-json\/wp\/v2\/media?parent=29390"}],"wp:term":[{"taxonomy":"product_cat","embeddable":true,"href":"https:\/\/iglesiapalabrapura.com\/site\/wp-json\/wp\/v2\/product_cat?post=29390"},{"taxonomy":"product_tag","embeddable":true,"href":"https:\/\/iglesiapalabrapura.com\/site\/wp-json\/wp\/v2\/product_tag?post=29390"}],"curies":[{"name":"wp","href":"https:\/\/api.w.org\/{rel}","templated":true}]}}