{"id":29561,"date":"2022-05-02T18:20:41","date_gmt":"2022-05-02T23:20:41","guid":{"rendered":"https:\/\/iglesiapalabrapura.com\/site\/?post_type=product&#038;p=29561"},"modified":"2024-05-20T17:16:39","modified_gmt":"2024-05-20T22:16:39","slug":"levadura-de-herodes","status":"publish","type":"product","link":"https:\/\/iglesiapalabrapura.com\/site\/product\/levadura-de-herodes\/","title":{"rendered":"Levadura de Herodes"},"content":{"rendered":"","protected":false},"excerpt":{"rendered":"<p>Uno de los mandamientos que nos dej\u00f3 nuestro Se\u00f1or Jesucristo fue el de cuidarnos de la levadura de los Fariseos y de la levadura de Herodes (Marcos 8:15). Sin embargo, la mayor\u00eda de cristianos no comprenden a qu\u00e9 se refer\u00eda Jes\u00fas, y por no comprenderlo han participado de estos mismos tipos de levadura. Nuestra Pastora Adriana H. Lemes nos explica qu\u00e9 es la levadura de Herodes, c\u00f3mo se ha infiltrado en la sociedad, e incluso en la Iglesia, y cu\u00e1l debe ser nuestra posici\u00f3n frente a ella.<\/p>\n<p>Ense\u00f1anza del a\u00f1o 2019<\/p>\n","protected":false},"featured_media":29399,"comment_status":"open","ping_status":"closed","template":"","meta":[],"product_cat":[52,841],"product_tag":[123,116,178,62],"class_list":{"0":"post-29561","1":"product","2":"type-product","3":"status-publish","4":"has-post-thumbnail","6":"product_cat-audioensenanza","7":"product_cat-adrianalemes","8":"product_tag-ensenanza","9":"product_tag-iglesia-palabra-pura","10":"product_tag-levadura-de-herodes","11":"product_tag-pastora-adriana-lemes","13":"first","14":"instock","15":"downloadable","16":"virtual","17":"purchasable","18":"product-type-simple"},"_links":{"self":[{"href":"https:\/\/iglesiapalabrapura.com\/site\/wp-json\/wp\/v2\/product\/29561","targetHints":{"allow":["GET"]}}],"collection":[{"href":"https:\/\/iglesiapalabrapura.com\/site\/wp-json\/wp\/v2\/product"}],"about":[{"href":"https:\/\/iglesiapalabrapura.com\/site\/wp-json\/wp\/v2\/types\/product"}],"replies":[{"embeddable":true,"href":"https:\/\/iglesiapalabrapura.com\/site\/wp-json\/wp\/v2\/comments?post=29561"}],"wp:featuredmedia":[{"embeddable":true,"href":"https:\/\/iglesiapalabrapura.com\/site\/wp-json\/wp\/v2\/media\/29399"}],"wp:attachment":[{"href":"https:\/\/iglesiapalabrapura.com\/site\/wp-json\/wp\/v2\/media?parent=29561"}],"wp:term":[{"taxonomy":"product_cat","embeddable":true,"href":"https:\/\/iglesiapalabrapura.com\/site\/wp-json\/wp\/v2\/product_cat?post=29561"},{"taxonomy":"product_tag","embeddable":true,"href":"https:\/\/iglesiapalabrapura.com\/site\/wp-json\/wp\/v2\/product_tag?post=29561"}],"curies":[{"name":"wp","href":"https:\/\/api.w.org\/{rel}","templated":true}]}}