{"id":29568,"date":"2022-05-03T10:15:14","date_gmt":"2022-05-03T15:15:14","guid":{"rendered":"https:\/\/iglesiapalabrapura.com\/site\/?post_type=product&#038;p=29568"},"modified":"2024-05-17T11:29:30","modified_gmt":"2024-05-17T16:29:30","slug":"ensenanza-sobre-relaciones-online-serie","status":"publish","type":"product","link":"https:\/\/iglesiapalabrapura.com\/site\/product\/ensenanza-sobre-relaciones-online-serie\/","title":{"rendered":"Ense\u00f1anza Sobre Relaciones Online (Serie)"},"content":{"rendered":"","protected":false},"excerpt":{"rendered":"<p>El matrimonio, como bien sabemos, fue instituido por Dios y por lo tanto es una bendici\u00f3n en la vida del creyente, sin embargo, no estamos exentos de dificultades. Jesucristo dijo que en el mundo tendr\u00edamos aflicciones \u00a1Pero! Jes\u00fas venci\u00f3 al mundo y es en la tranquilidad de esa afirmaci\u00f3n que debemos enfrentar todo aquellos que afecte el matrimonio y eso nos incluye a nosotros como parte fundamental de este. Nuestro pastor Rafael a trav\u00e9s de esta serie nos explica c\u00f3mo la pareja en el matrimonio puede mantener una relaci\u00f3n sana en todos los aspectos y realizar los ajustes que haga falta para que el matrimonio sea el cielo en la tierra.<\/p>\n<p>&nbsp;<\/p>\n","protected":false},"featured_media":29401,"comment_status":"open","ping_status":"closed","template":"","meta":[],"product_cat":[52,840],"product_tag":[182,116,183,120],"class_list":{"0":"post-29568","1":"product","2":"type-product","3":"status-publish","4":"has-post-thumbnail","6":"product_cat-audioensenanza","7":"product_cat-rafael-lemes","8":"product_tag-ensenanza-sobre-relaciones-online","9":"product_tag-iglesia-palabra-pura","10":"product_tag-relaciones","11":"product_tag-serie","13":"first","14":"instock","15":"downloadable","16":"virtual","17":"purchasable","18":"product-type-simple"},"_links":{"self":[{"href":"https:\/\/iglesiapalabrapura.com\/site\/wp-json\/wp\/v2\/product\/29568","targetHints":{"allow":["GET"]}}],"collection":[{"href":"https:\/\/iglesiapalabrapura.com\/site\/wp-json\/wp\/v2\/product"}],"about":[{"href":"https:\/\/iglesiapalabrapura.com\/site\/wp-json\/wp\/v2\/types\/product"}],"replies":[{"embeddable":true,"href":"https:\/\/iglesiapalabrapura.com\/site\/wp-json\/wp\/v2\/comments?post=29568"}],"wp:featuredmedia":[{"embeddable":true,"href":"https:\/\/iglesiapalabrapura.com\/site\/wp-json\/wp\/v2\/media\/29401"}],"wp:attachment":[{"href":"https:\/\/iglesiapalabrapura.com\/site\/wp-json\/wp\/v2\/media?parent=29568"}],"wp:term":[{"taxonomy":"product_cat","embeddable":true,"href":"https:\/\/iglesiapalabrapura.com\/site\/wp-json\/wp\/v2\/product_cat?post=29568"},{"taxonomy":"product_tag","embeddable":true,"href":"https:\/\/iglesiapalabrapura.com\/site\/wp-json\/wp\/v2\/product_tag?post=29568"}],"curies":[{"name":"wp","href":"https:\/\/api.w.org\/{rel}","templated":true}]}}