{"id":29601,"date":"2022-05-03T10:48:53","date_gmt":"2022-05-03T15:48:53","guid":{"rendered":"https:\/\/iglesiapalabrapura.com\/site\/?post_type=product&#038;p=29601"},"modified":"2023-02-03T10:38:19","modified_gmt":"2023-02-03T15:38:19","slug":"senales-que-dios-esta-trabajando-en-nosotros","status":"publish","type":"product","link":"https:\/\/iglesiapalabrapura.com\/site\/product\/senales-que-dios-esta-trabajando-en-nosotros\/","title":{"rendered":"Se\u00f1ales que Dios Est\u00e1 Trabajando en Nosotros"},"content":{"rendered":"","protected":false},"excerpt":{"rendered":"<p>Dios nos acepta como somos, pero \u00c9l trabaja en nuestros corazones para ayudarnos a que nos acerquemos a lo que \u00c9l quiere en nuestras vidas. En esta Ense\u00f1anza, con el Rev. Tony Cooke, vamos a ver algunas cosas que nos ayudan a reconocer el trabajo de Dios en nosotros.<\/p>\n<p>Ense\u00f1anza del a\u00f1o 2018<\/p>\n","protected":false},"featured_media":29426,"comment_status":"open","ping_status":"closed","template":"","meta":[],"product_cat":[52],"product_tag":[123,116,199,198],"class_list":{"0":"post-29601","1":"product","2":"type-product","3":"status-publish","4":"has-post-thumbnail","6":"product_cat-audioensenanza","7":"product_tag-ensenanza","8":"product_tag-iglesia-palabra-pura","9":"product_tag-rvdo-tony-cooke","10":"product_tag-senales-que-dios-esta-trabajando-en-nosotros","12":"first","13":"instock","14":"downloadable","15":"virtual","16":"purchasable","17":"product-type-simple"},"_links":{"self":[{"href":"https:\/\/iglesiapalabrapura.com\/site\/wp-json\/wp\/v2\/product\/29601","targetHints":{"allow":["GET"]}}],"collection":[{"href":"https:\/\/iglesiapalabrapura.com\/site\/wp-json\/wp\/v2\/product"}],"about":[{"href":"https:\/\/iglesiapalabrapura.com\/site\/wp-json\/wp\/v2\/types\/product"}],"replies":[{"embeddable":true,"href":"https:\/\/iglesiapalabrapura.com\/site\/wp-json\/wp\/v2\/comments?post=29601"}],"wp:featuredmedia":[{"embeddable":true,"href":"https:\/\/iglesiapalabrapura.com\/site\/wp-json\/wp\/v2\/media\/29426"}],"wp:attachment":[{"href":"https:\/\/iglesiapalabrapura.com\/site\/wp-json\/wp\/v2\/media?parent=29601"}],"wp:term":[{"taxonomy":"product_cat","embeddable":true,"href":"https:\/\/iglesiapalabrapura.com\/site\/wp-json\/wp\/v2\/product_cat?post=29601"},{"taxonomy":"product_tag","embeddable":true,"href":"https:\/\/iglesiapalabrapura.com\/site\/wp-json\/wp\/v2\/product_tag?post=29601"}],"curies":[{"name":"wp","href":"https:\/\/api.w.org\/{rel}","templated":true}]}}