{"id":29721,"date":"2022-05-03T14:02:26","date_gmt":"2022-05-03T19:02:26","guid":{"rendered":"https:\/\/iglesiapalabrapura.com\/site\/?post_type=product&#038;p=29721"},"modified":"2025-06-20T15:29:58","modified_gmt":"2025-06-20T20:29:58","slug":"persuadidos-como-abraham","status":"publish","type":"product","link":"https:\/\/iglesiapalabrapura.com\/site\/product\/persuadidos-como-abraham\/","title":{"rendered":"Persuadidos Como Abraham"},"content":{"rendered":"","protected":false},"excerpt":{"rendered":"<p>Sandra Fajardo nos lleva a una mayor comprensi\u00f3n de la fe, tomando a Abraham como ejemplo al explicarnos que si \u00e9l procedi\u00f3 con tanta convicci\u00f3n, \u00bfCu\u00e1nto m\u00e1s nosotros que tenemos la Palabra prof\u00e9tica m\u00e1s segura? De modo que es una cuesti\u00f3n de decisi\u00f3n vivir por la Palabra por encima de cualquier circunstancia.<\/p>\n<p>Ense\u00f1anza del a\u00f1o 2020<\/p>\n","protected":false},"featured_media":29510,"comment_status":"open","ping_status":"closed","template":"","meta":[],"product_cat":[52,1182,1192],"product_tag":[123,116,235,236],"class_list":{"0":"post-29721","1":"product","2":"type-product","3":"status-publish","4":"has-post-thumbnail","6":"product_cat-audioensenanza","7":"product_cat-por-autor-audioensenanza","8":"product_cat-sandra-fajardo","9":"product_tag-ensenanza","10":"product_tag-iglesia-palabra-pura","11":"product_tag-persuadidos-como-abraham","12":"product_tag-sandra-fajardo","14":"first","15":"instock","16":"downloadable","17":"virtual","18":"purchasable","19":"product-type-simple"},"_links":{"self":[{"href":"https:\/\/iglesiapalabrapura.com\/site\/wp-json\/wp\/v2\/product\/29721","targetHints":{"allow":["GET"]}}],"collection":[{"href":"https:\/\/iglesiapalabrapura.com\/site\/wp-json\/wp\/v2\/product"}],"about":[{"href":"https:\/\/iglesiapalabrapura.com\/site\/wp-json\/wp\/v2\/types\/product"}],"replies":[{"embeddable":true,"href":"https:\/\/iglesiapalabrapura.com\/site\/wp-json\/wp\/v2\/comments?post=29721"}],"wp:featuredmedia":[{"embeddable":true,"href":"https:\/\/iglesiapalabrapura.com\/site\/wp-json\/wp\/v2\/media\/29510"}],"wp:attachment":[{"href":"https:\/\/iglesiapalabrapura.com\/site\/wp-json\/wp\/v2\/media?parent=29721"}],"wp:term":[{"taxonomy":"product_cat","embeddable":true,"href":"https:\/\/iglesiapalabrapura.com\/site\/wp-json\/wp\/v2\/product_cat?post=29721"},{"taxonomy":"product_tag","embeddable":true,"href":"https:\/\/iglesiapalabrapura.com\/site\/wp-json\/wp\/v2\/product_tag?post=29721"}],"curies":[{"name":"wp","href":"https:\/\/api.w.org\/{rel}","templated":true}]}}