{"id":29729,"date":"2022-05-03T14:16:36","date_gmt":"2022-05-03T19:16:36","guid":{"rendered":"https:\/\/iglesiapalabrapura.com\/site\/?post_type=product&#038;p=29729"},"modified":"2025-06-20T15:29:08","modified_gmt":"2025-06-20T20:29:08","slug":"servicio-de-pascua-2020","status":"publish","type":"product","link":"https:\/\/iglesiapalabrapura.com\/site\/product\/servicio-de-pascua-2020\/","title":{"rendered":"Servicio de Pascua 2020"},"content":{"rendered":"","protected":false},"excerpt":{"rendered":"<p>Si bien es cierto, resulta dif\u00edcil entender completamente la magnitud de lo que ha tra\u00eddo esta pandemia, no debemos olvidar que la voluntad de Dios es buena, agradable y perfecta. El Se\u00f1or ha dicho en su Palabra que el d\u00eda est\u00e1 cerca, los Pastores Rafael y Adriana, a trav\u00e9s de est\u00e1 ense\u00f1anza, nos exhortan con urgencia a caminar en Santidad y estar preparados para cuando ese d\u00eda llegue.<\/p>\n<p>Ense\u00f1anza del a\u00f1o 2020<\/p>\n","protected":false},"featured_media":29516,"comment_status":"open","ping_status":"closed","template":"","meta":[],"product_cat":[52,841,1182,840],"product_tag":[123,116,65,62,241],"class_list":{"0":"post-29729","1":"product","2":"type-product","3":"status-publish","4":"has-post-thumbnail","6":"product_cat-audioensenanza","7":"product_cat-adrianalemes","8":"product_cat-por-autor-audioensenanza","9":"product_cat-rafael-lemes","10":"product_tag-ensenanza","11":"product_tag-iglesia-palabra-pura","12":"product_tag-pastor-rafael-lemes","13":"product_tag-pastora-adriana-lemes","14":"product_tag-servicio-de-pascua-2020","16":"first","17":"instock","18":"downloadable","19":"virtual","20":"purchasable","21":"product-type-simple"},"_links":{"self":[{"href":"https:\/\/iglesiapalabrapura.com\/site\/wp-json\/wp\/v2\/product\/29729","targetHints":{"allow":["GET"]}}],"collection":[{"href":"https:\/\/iglesiapalabrapura.com\/site\/wp-json\/wp\/v2\/product"}],"about":[{"href":"https:\/\/iglesiapalabrapura.com\/site\/wp-json\/wp\/v2\/types\/product"}],"replies":[{"embeddable":true,"href":"https:\/\/iglesiapalabrapura.com\/site\/wp-json\/wp\/v2\/comments?post=29729"}],"wp:featuredmedia":[{"embeddable":true,"href":"https:\/\/iglesiapalabrapura.com\/site\/wp-json\/wp\/v2\/media\/29516"}],"wp:attachment":[{"href":"https:\/\/iglesiapalabrapura.com\/site\/wp-json\/wp\/v2\/media?parent=29729"}],"wp:term":[{"taxonomy":"product_cat","embeddable":true,"href":"https:\/\/iglesiapalabrapura.com\/site\/wp-json\/wp\/v2\/product_cat?post=29729"},{"taxonomy":"product_tag","embeddable":true,"href":"https:\/\/iglesiapalabrapura.com\/site\/wp-json\/wp\/v2\/product_tag?post=29729"}],"curies":[{"name":"wp","href":"https:\/\/api.w.org\/{rel}","templated":true}]}}