{"id":29742,"date":"2022-05-03T14:36:08","date_gmt":"2022-05-03T19:36:08","guid":{"rendered":"https:\/\/iglesiapalabrapura.com\/site\/?post_type=product&#038;p=29742"},"modified":"2026-01-23T11:21:43","modified_gmt":"2026-01-23T16:21:43","slug":"el-proposito-de-dios-para-la-familia","status":"publish","type":"product","link":"https:\/\/iglesiapalabrapura.com\/site\/product\/el-proposito-de-dios-para-la-familia\/","title":{"rendered":"El Prop\u00f3sito de Dios para la Familia"},"content":{"rendered":"","protected":false},"excerpt":{"rendered":"<p>Qui\u00e9n sabe mejor cu\u00e1l es el objetivo de la familia, que quien hizo la tierra sobre la cual se construye. William Sanclemente nos ilustra, en una sesi\u00f3n, sobre el prop\u00f3sito de Dios para la familia, la familia como debe ser.<\/p>\n<p>Ense\u00f1anza del a\u00f1o 2018<\/p>\n","protected":false},"featured_media":29522,"comment_status":"open","ping_status":"closed","template":"","meta":[],"product_cat":[52,1182,1197],"product_tag":[245,123,116,246],"class_list":{"0":"post-29742","1":"product","2":"type-product","3":"status-publish","4":"has-post-thumbnail","6":"product_cat-audioensenanza","7":"product_cat-por-autor-audioensenanza","8":"product_cat-william-sanclemente","9":"product_tag-el-proposito-de-dios-para-la-familia","10":"product_tag-ensenanza","11":"product_tag-iglesia-palabra-pura","12":"product_tag-william-sanclemente","14":"first","15":"instock","16":"downloadable","17":"virtual","18":"purchasable","19":"product-type-simple"},"_links":{"self":[{"href":"https:\/\/iglesiapalabrapura.com\/site\/wp-json\/wp\/v2\/product\/29742","targetHints":{"allow":["GET"]}}],"collection":[{"href":"https:\/\/iglesiapalabrapura.com\/site\/wp-json\/wp\/v2\/product"}],"about":[{"href":"https:\/\/iglesiapalabrapura.com\/site\/wp-json\/wp\/v2\/types\/product"}],"replies":[{"embeddable":true,"href":"https:\/\/iglesiapalabrapura.com\/site\/wp-json\/wp\/v2\/comments?post=29742"}],"wp:featuredmedia":[{"embeddable":true,"href":"https:\/\/iglesiapalabrapura.com\/site\/wp-json\/wp\/v2\/media\/29522"}],"wp:attachment":[{"href":"https:\/\/iglesiapalabrapura.com\/site\/wp-json\/wp\/v2\/media?parent=29742"}],"wp:term":[{"taxonomy":"product_cat","embeddable":true,"href":"https:\/\/iglesiapalabrapura.com\/site\/wp-json\/wp\/v2\/product_cat?post=29742"},{"taxonomy":"product_tag","embeddable":true,"href":"https:\/\/iglesiapalabrapura.com\/site\/wp-json\/wp\/v2\/product_tag?post=29742"}],"curies":[{"name":"wp","href":"https:\/\/api.w.org\/{rel}","templated":true}]}}