{"id":29776,"date":"2022-05-03T15:13:25","date_gmt":"2022-05-03T20:13:25","guid":{"rendered":"https:\/\/iglesiapalabrapura.com\/site\/?post_type=product&#038;p=29776"},"modified":"2025-06-20T15:21:34","modified_gmt":"2025-06-20T20:21:34","slug":"jerusalem-serie","status":"publish","type":"product","link":"https:\/\/iglesiapalabrapura.com\/site\/product\/jerusalem-serie\/","title":{"rendered":"Jerusalem (Serie)"},"content":{"rendered":"","protected":false},"excerpt":{"rendered":"<p>Jerusal\u00e9n, es mucho m\u00e1s que un nombre, es mucho m\u00e1s que una ciudad y sin duda alguna es m\u00e1s de lo que nos muestra el mundo. Ver a Jerusal\u00e9n es contemplar el plan redentor y eterno de Dios aqu\u00ed en la tierra; es ver el coraz\u00f3n mismo de Dios cuyo inmutable prop\u00f3sito se ha ido revelando con el tiempo. La eterna Jerusal\u00e9n, es el punto de partida de salvaci\u00f3n para la humanidad. La Pastora Adriana Lemes, a trav\u00e9s de esta impresionante serie de diez ense\u00f1anzas, nos mostrar\u00e1 a la luz de la Palabra, el verdadero significado de Jerusal\u00e9n desde el principio hasta el fin de los tiempos.<\/p>\n<p>Ense\u00f1anza del a\u00f1o 2021<\/p>\n","protected":false},"featured_media":29542,"comment_status":"open","ping_status":"closed","template":"","meta":[],"product_cat":[52,841,1182],"product_tag":[116,263,62,120],"class_list":{"0":"post-29776","1":"product","2":"type-product","3":"status-publish","4":"has-post-thumbnail","6":"product_cat-audioensenanza","7":"product_cat-adrianalemes","8":"product_cat-por-autor-audioensenanza","9":"product_tag-iglesia-palabra-pura","10":"product_tag-jerusalem","11":"product_tag-pastora-adriana-lemes","12":"product_tag-serie","14":"first","15":"instock","16":"downloadable","17":"virtual","18":"purchasable","19":"product-type-simple"},"_links":{"self":[{"href":"https:\/\/iglesiapalabrapura.com\/site\/wp-json\/wp\/v2\/product\/29776","targetHints":{"allow":["GET"]}}],"collection":[{"href":"https:\/\/iglesiapalabrapura.com\/site\/wp-json\/wp\/v2\/product"}],"about":[{"href":"https:\/\/iglesiapalabrapura.com\/site\/wp-json\/wp\/v2\/types\/product"}],"replies":[{"embeddable":true,"href":"https:\/\/iglesiapalabrapura.com\/site\/wp-json\/wp\/v2\/comments?post=29776"}],"wp:featuredmedia":[{"embeddable":true,"href":"https:\/\/iglesiapalabrapura.com\/site\/wp-json\/wp\/v2\/media\/29542"}],"wp:attachment":[{"href":"https:\/\/iglesiapalabrapura.com\/site\/wp-json\/wp\/v2\/media?parent=29776"}],"wp:term":[{"taxonomy":"product_cat","embeddable":true,"href":"https:\/\/iglesiapalabrapura.com\/site\/wp-json\/wp\/v2\/product_cat?post=29776"},{"taxonomy":"product_tag","embeddable":true,"href":"https:\/\/iglesiapalabrapura.com\/site\/wp-json\/wp\/v2\/product_tag?post=29776"}],"curies":[{"name":"wp","href":"https:\/\/api.w.org\/{rel}","templated":true}]}}