{"id":30152,"date":"2022-05-04T11:56:18","date_gmt":"2022-05-04T16:56:18","guid":{"rendered":"https:\/\/iglesiapalabrapura.com\/site\/?post_type=product&#038;p=30152"},"modified":"2025-06-20T15:16:43","modified_gmt":"2025-06-20T20:16:43","slug":"como-aumentar-la-fe","status":"publish","type":"product","link":"https:\/\/iglesiapalabrapura.com\/site\/product\/como-aumentar-la-fe\/","title":{"rendered":"Como Aumentar la Fe"},"content":{"rendered":"","protected":false},"excerpt":{"rendered":"<p>Muchas personas en alg\u00fan momento de su caminar de fe han pedido a Dios que les diera mas fe. En una ense\u00f1anza Beatriz nos muestra una respuesta B\u00edblica a esta respuesta y que dijo Jes\u00fas al respecto.<\/p>\n<p>Ense\u00f1anza del a\u00f1o 2019<\/p>\n","protected":false},"featured_media":29538,"comment_status":"open","ping_status":"closed","template":"","meta":[],"product_cat":[1193,52,1182],"product_tag":[238,261,123,116],"class_list":{"0":"post-30152","1":"product","2":"type-product","3":"status-publish","4":"has-post-thumbnail","6":"product_cat-beatriz-orozco","7":"product_cat-audioensenanza","8":"product_cat-por-autor-audioensenanza","9":"product_tag-beatriz-orozco","10":"product_tag-como-aumentar-la-fe","11":"product_tag-ensenanza","12":"product_tag-iglesia-palabra-pura","14":"first","15":"instock","16":"downloadable","17":"virtual","18":"purchasable","19":"product-type-simple"},"_links":{"self":[{"href":"https:\/\/iglesiapalabrapura.com\/site\/wp-json\/wp\/v2\/product\/30152","targetHints":{"allow":["GET"]}}],"collection":[{"href":"https:\/\/iglesiapalabrapura.com\/site\/wp-json\/wp\/v2\/product"}],"about":[{"href":"https:\/\/iglesiapalabrapura.com\/site\/wp-json\/wp\/v2\/types\/product"}],"replies":[{"embeddable":true,"href":"https:\/\/iglesiapalabrapura.com\/site\/wp-json\/wp\/v2\/comments?post=30152"}],"wp:featuredmedia":[{"embeddable":true,"href":"https:\/\/iglesiapalabrapura.com\/site\/wp-json\/wp\/v2\/media\/29538"}],"wp:attachment":[{"href":"https:\/\/iglesiapalabrapura.com\/site\/wp-json\/wp\/v2\/media?parent=30152"}],"wp:term":[{"taxonomy":"product_cat","embeddable":true,"href":"https:\/\/iglesiapalabrapura.com\/site\/wp-json\/wp\/v2\/product_cat?post=30152"},{"taxonomy":"product_tag","embeddable":true,"href":"https:\/\/iglesiapalabrapura.com\/site\/wp-json\/wp\/v2\/product_tag?post=30152"}],"curies":[{"name":"wp","href":"https:\/\/api.w.org\/{rel}","templated":true}]}}