{"id":30330,"date":"2022-05-04T16:43:05","date_gmt":"2022-05-04T21:43:05","guid":{"rendered":"https:\/\/iglesiapalabrapura.com\/site\/?post_type=product&#038;p=30330"},"modified":"2025-10-17T11:39:29","modified_gmt":"2025-10-17T16:39:29","slug":"la-autoridad-del-creyente-2","status":"publish","type":"product","link":"https:\/\/iglesiapalabrapura.com\/site\/product\/la-autoridad-del-creyente-2\/","title":{"rendered":"La Autoridad del Creyente"},"content":{"rendered":"","protected":false},"excerpt":{"rendered":"<p>La Verdadera Autoridad Espiritual Revelada<\/p>\n<p>EL CONTROVERSIAL TEMA de la autoridad del creyente en Cristo se discute extensamente en la iglesia hoy. Andrew Wommack, maestro de la Biblia reconocido internacionalmente nos trae una nueva perspectiva sobre esta importante verdad espiritual que podr\u00eda poner a prueba todo lo que has aprendido, por ejemplo:<\/p>\n<ul>\n<li>\u00bfSi se les ha dado autoridad a los creyentes, entonces cu\u00e1ndo, c\u00f3mo, y sobre qu\u00e9 se deber\u00eda ejercer esa autoridad? No adivines la respuesta; descubre el verdadero campo de batalla y aprende a reconocer al verdadero enemigo.<\/li>\n<li>La mayor\u00eda de la gente cree que Dios cre\u00f3 a nuestro enemigo, Satan\u00e1s, pero \u00bfs\u00ed lo hizo? Comprender esta respuesta te liberar\u00e1 para ejercer tu autoridad como creyente.<\/li>\n<li>\u00bfEs v\u00e1lida la guerra espiritual como se ense\u00f1a en muchas iglesias hoy? \u00bfPueden los creyentes usar su autoridad para pelear contra el diablo y sus demonios en el aire, o la verdadera batalla est\u00e1 en la mente? La respuesta es un requisito importante para ganar las batallas espirituales.<\/li>\n<\/ul>\n<p>Al escudri\u00f1ar Las Escrituras, Andrew revela la importancia espiritual de tus decisiones, tus palabras, y tus acciones y c\u00f3mo afectan tu capacidad para enfrentar los ataques de Satan\u00e1s y para recibir lo mejor de Dios. Descubre las poderosas verdades encerradas en la verdadera autoridad espiritual y empieza a ver verdaderos resultados.<\/p>\n","protected":false},"featured_media":30329,"comment_status":"open","ping_status":"closed","template":"","meta":[],"product_cat":[838,54,1171,1158,1164,1159],"product_tag":[75,319,362],"class_list":{"0":"post-30330","1":"product","2":"type-product","3":"status-publish","4":"has-post-thumbnail","6":"product_cat-andrewwommack","7":"product_cat-libros","8":"product_cat-por-autor","9":"product_cat-por-temas","10":"product_cat-sanidad","11":"product_cat-vida-cristiana","12":"product_tag-andrew-wommack","13":"product_tag-la-autoridad-del-creyente","14":"product_tag-libros","16":"first","17":"instock","18":"shipping-taxable","19":"purchasable","20":"product-type-simple"},"_links":{"self":[{"href":"https:\/\/iglesiapalabrapura.com\/site\/wp-json\/wp\/v2\/product\/30330","targetHints":{"allow":["GET"]}}],"collection":[{"href":"https:\/\/iglesiapalabrapura.com\/site\/wp-json\/wp\/v2\/product"}],"about":[{"href":"https:\/\/iglesiapalabrapura.com\/site\/wp-json\/wp\/v2\/types\/product"}],"replies":[{"embeddable":true,"href":"https:\/\/iglesiapalabrapura.com\/site\/wp-json\/wp\/v2\/comments?post=30330"}],"wp:featuredmedia":[{"embeddable":true,"href":"https:\/\/iglesiapalabrapura.com\/site\/wp-json\/wp\/v2\/media\/30329"}],"wp:attachment":[{"href":"https:\/\/iglesiapalabrapura.com\/site\/wp-json\/wp\/v2\/media?parent=30330"}],"wp:term":[{"taxonomy":"product_cat","embeddable":true,"href":"https:\/\/iglesiapalabrapura.com\/site\/wp-json\/wp\/v2\/product_cat?post=30330"},{"taxonomy":"product_tag","embeddable":true,"href":"https:\/\/iglesiapalabrapura.com\/site\/wp-json\/wp\/v2\/product_tag?post=30330"}],"curies":[{"name":"wp","href":"https:\/\/api.w.org\/{rel}","templated":true}]}}