{"id":32506,"date":"2022-08-18T17:34:49","date_gmt":"2022-08-18T22:34:49","guid":{"rendered":"https:\/\/iglesiapalabrapura.com\/site\/?post_type=product&#038;p=32506"},"modified":"2025-06-20T12:56:51","modified_gmt":"2025-06-20T17:56:51","slug":"amor-y-respeto-en-la-familia-el-respeto-que-los-padres-desean-el-amor-que-los-hijos-necesitan","status":"publish","type":"product","link":"https:\/\/iglesiapalabrapura.com\/site\/product\/amor-y-respeto-en-la-familia-el-respeto-que-los-padres-desean-el-amor-que-los-hijos-necesitan\/","title":{"rendered":"Amor y respeto en la familia: El respeto que los padres desean, el amor que los hijos necesitan"},"content":{"rendered":"","protected":false},"excerpt":{"rendered":"<p><span class=\"a-text-bold\">\u00a1El secreto del \u00e9xito de la crianza de los hijos ha sido revelado!<\/span><\/p>\n<p><span class=\"a-text-bold\">Los estudios psicol\u00f3gicos afirman lo que la Biblia siempre ha dicho: los ni\u00f1os necesitan el amor que Dios nos dice que debemos darles (Tito 2.4). Y los padres desean el respeto que la Escritura dice claramente que es nuestro derecho (\u00c9xodo 20.12).<\/span><\/p>\n<p><span class=\"a-text-italic\">Amor y respeto en la familia<\/span>\u00a0es una gu\u00eda pr\u00e1ctica para ayudar a romper el ciclo loco de los conflictos familiares y reemplazarlo con un ritmo energizante y saludable. Basado en lo que dice la Biblia a los padres acerca de la crianza, este libro se centra en el logro de una din\u00e1mica familiar saludable. En este libro el Dr. Eggerichs nos ofrece, con una transparencia sin precedentes, la aportaci\u00f3n de su esposa y de sus tres hijos mayores de edad, quienes comparten la sabidur\u00eda adquirida en lo bueno, lo malo y lo feo de su vida familiar.<\/p>\n<p>Todo est\u00e1 aqu\u00ed en esta exploraci\u00f3n reveladora de los principios b\u00edblicos sobre la crianza de los hijos que pueden ayudar a que las familias funcionen como Dios manda.<\/p>\n<p><span class=\"a-text-bold a-text-italic\">\u00a0<\/span><\/p>\n","protected":false},"featured_media":32508,"comment_status":"open","ping_status":"closed","template":"","meta":[],"product_cat":[844,54,1165,1171,1158],"product_tag":[483,482,485,484,219,69],"class_list":{"0":"post-32506","1":"product","2":"type-product","3":"status-publish","4":"has-post-thumbnail","6":"product_cat-emersoneggerichs","7":"product_cat-libros","8":"product_cat-matrimonio","9":"product_cat-por-autor","10":"product_cat-por-temas","11":"product_tag-amor","12":"product_tag-amor-y-respeto-en-la-familia","13":"product_tag-dr-emerson-eggerichs","14":"product_tag-hijos","15":"product_tag-la-parabola-de-los-dos-hijos","16":"product_tag-libro","18":"first","19":"instock","20":"shipping-taxable","21":"purchasable","22":"product-type-simple"},"_links":{"self":[{"href":"https:\/\/iglesiapalabrapura.com\/site\/wp-json\/wp\/v2\/product\/32506","targetHints":{"allow":["GET"]}}],"collection":[{"href":"https:\/\/iglesiapalabrapura.com\/site\/wp-json\/wp\/v2\/product"}],"about":[{"href":"https:\/\/iglesiapalabrapura.com\/site\/wp-json\/wp\/v2\/types\/product"}],"replies":[{"embeddable":true,"href":"https:\/\/iglesiapalabrapura.com\/site\/wp-json\/wp\/v2\/comments?post=32506"}],"wp:featuredmedia":[{"embeddable":true,"href":"https:\/\/iglesiapalabrapura.com\/site\/wp-json\/wp\/v2\/media\/32508"}],"wp:attachment":[{"href":"https:\/\/iglesiapalabrapura.com\/site\/wp-json\/wp\/v2\/media?parent=32506"}],"wp:term":[{"taxonomy":"product_cat","embeddable":true,"href":"https:\/\/iglesiapalabrapura.com\/site\/wp-json\/wp\/v2\/product_cat?post=32506"},{"taxonomy":"product_tag","embeddable":true,"href":"https:\/\/iglesiapalabrapura.com\/site\/wp-json\/wp\/v2\/product_tag?post=32506"}],"curies":[{"name":"wp","href":"https:\/\/api.w.org\/{rel}","templated":true}]}}