{"id":34601,"date":"2022-12-06T16:53:48","date_gmt":"2022-12-06T21:53:48","guid":{"rendered":"https:\/\/iglesiapalabrapura.com\/site\/?post_type=product&#038;p=34601"},"modified":"2025-10-17T12:17:53","modified_gmt":"2025-10-17T17:17:53","slug":"como-criar-a-un-nino-de-voluntad-firme","status":"publish","type":"product","link":"https:\/\/iglesiapalabrapura.com\/site\/product\/como-criar-a-un-nino-de-voluntad-firme\/","title":{"rendered":"C\u00f3mo criar a un ni\u00f1o de voluntad firme"},"content":{"rendered":"","protected":false},"excerpt":{"rendered":"<p id=\"title\" class=\"a-spacing-none a-text-normal\"><span id=\"productTitle\" class=\"a-size-extra-large\">C\u00f3mo criar a un ni\u00f1o de voluntad firme : Desde el nacimiento hasta la adolescencia\u00a0<span class=\"a-text-bold\">\u00bfSu peque\u00f1o y obstinado hijo le est\u00e1 distrayendo?<\/span><br \/>\nes el recurso que necesita: un bestseller cl\u00e1sico completamente revisado, actualizado y ampliado para una nueva generaci\u00f3n de padres y profesores.<\/span><\/p>\n<p>Los ni\u00f1os de car\u00e1cter fuerte, por muy dif\u00edciles que sean de criar, pueden llegar a ser hombres y mujeres de car\u00e1cter determinado si se les gu\u00eda con amor, comprensi\u00f3n y la disciplina adecuada. Descubra lo que el Dr. James Dobson, la autoridad m\u00e1s fiable de hoy en d\u00eda en materia de crianza de los hijos, tiene que decir acerca de lo que hace que los ni\u00f1os de voluntad firme sean como son; c\u00f3mo formar la voluntad mientras se protege el esp\u00edritu; c\u00f3mo evitar el error m\u00e1s com\u00fan en la crianza de los hijos; y mucho m\u00e1s.<\/p>\n<p>Si est\u00e1 luchando por criar y ense\u00f1ar a ni\u00f1os que est\u00e1n convencidos de que deber\u00edan poder vivir seg\u00fan sus propias reglas, \u00a1C\u00f3mo criar a un ni\u00f1o de voluntad firme es una lectura obligada!<\/p>\n","protected":false},"featured_media":34602,"comment_status":"open","ping_status":"closed","template":"","meta":[],"product_cat":[846,54,1165,1171],"product_tag":[542,540,99,69,541],"class_list":{"0":"post-34601","1":"product","2":"type-product","3":"status-publish","4":"has-post-thumbnail","6":"product_cat-jamesdobson","7":"product_cat-libros","8":"product_cat-matrimonio","9":"product_cat-por-autor","10":"product_tag-adolescencia","11":"product_tag-como-criar-a-un-nino-de-voluntad-firme","12":"product_tag-dr-james-dobson","13":"product_tag-libro","14":"product_tag-nacimiento","16":"first","17":"instock","18":"shipping-taxable","19":"purchasable","20":"product-type-simple"},"_links":{"self":[{"href":"https:\/\/iglesiapalabrapura.com\/site\/wp-json\/wp\/v2\/product\/34601","targetHints":{"allow":["GET"]}}],"collection":[{"href":"https:\/\/iglesiapalabrapura.com\/site\/wp-json\/wp\/v2\/product"}],"about":[{"href":"https:\/\/iglesiapalabrapura.com\/site\/wp-json\/wp\/v2\/types\/product"}],"replies":[{"embeddable":true,"href":"https:\/\/iglesiapalabrapura.com\/site\/wp-json\/wp\/v2\/comments?post=34601"}],"wp:featuredmedia":[{"embeddable":true,"href":"https:\/\/iglesiapalabrapura.com\/site\/wp-json\/wp\/v2\/media\/34602"}],"wp:attachment":[{"href":"https:\/\/iglesiapalabrapura.com\/site\/wp-json\/wp\/v2\/media?parent=34601"}],"wp:term":[{"taxonomy":"product_cat","embeddable":true,"href":"https:\/\/iglesiapalabrapura.com\/site\/wp-json\/wp\/v2\/product_cat?post=34601"},{"taxonomy":"product_tag","embeddable":true,"href":"https:\/\/iglesiapalabrapura.com\/site\/wp-json\/wp\/v2\/product_tag?post=34601"}],"curies":[{"name":"wp","href":"https:\/\/api.w.org\/{rel}","templated":true}]}}