{"id":36861,"date":"2023-06-09T14:17:31","date_gmt":"2023-06-09T19:17:31","guid":{"rendered":"https:\/\/iglesiapalabrapura.com\/site\/?post_type=product&#038;p=36861"},"modified":"2025-06-20T15:12:57","modified_gmt":"2025-06-20T20:12:57","slug":"llamados-al-crecimiento","status":"publish","type":"product","link":"https:\/\/iglesiapalabrapura.com\/site\/product\/llamados-al-crecimiento\/","title":{"rendered":"LLAMADOS AL CRECIMIENTO"},"content":{"rendered":"","protected":false},"excerpt":{"rendered":"<p>En esta maravillosa serie nuestro Pastor Rafael nos muestra, a la luz de la Palabra, que crecer espiritualmente no solo es una responsabilidad de cada creyente, sino tambi\u00e9n un llamado de parte de Dios, de otro modo no nos habr\u00eda dado tantos dones y talentos, ser\u00eda ego\u00edsta usarlos solo para nuestro beneficio, el prop\u00f3sito de crecer es impactar nuestro entorno mostrando al Dios vivo en qui\u00e9n hemos cre\u00eddo.<\/p>\n<p>&nbsp;<\/p>\n","protected":false},"featured_media":36862,"comment_status":"open","ping_status":"closed","template":"","meta":[],"product_cat":[52,1182,840],"product_tag":[123,116,656,65,120],"class_list":{"0":"post-36861","1":"product","2":"type-product","3":"status-publish","4":"has-post-thumbnail","6":"product_cat-audioensenanza","7":"product_cat-por-autor-audioensenanza","8":"product_cat-rafael-lemes","9":"product_tag-ensenanza","10":"product_tag-iglesia-palabra-pura","11":"product_tag-llamados-al-crecimiento","12":"product_tag-pastor-rafael-lemes","13":"product_tag-serie","15":"first","16":"instock","17":"downloadable","18":"virtual","19":"purchasable","20":"product-type-simple"},"_links":{"self":[{"href":"https:\/\/iglesiapalabrapura.com\/site\/wp-json\/wp\/v2\/product\/36861","targetHints":{"allow":["GET"]}}],"collection":[{"href":"https:\/\/iglesiapalabrapura.com\/site\/wp-json\/wp\/v2\/product"}],"about":[{"href":"https:\/\/iglesiapalabrapura.com\/site\/wp-json\/wp\/v2\/types\/product"}],"replies":[{"embeddable":true,"href":"https:\/\/iglesiapalabrapura.com\/site\/wp-json\/wp\/v2\/comments?post=36861"}],"wp:featuredmedia":[{"embeddable":true,"href":"https:\/\/iglesiapalabrapura.com\/site\/wp-json\/wp\/v2\/media\/36862"}],"wp:attachment":[{"href":"https:\/\/iglesiapalabrapura.com\/site\/wp-json\/wp\/v2\/media?parent=36861"}],"wp:term":[{"taxonomy":"product_cat","embeddable":true,"href":"https:\/\/iglesiapalabrapura.com\/site\/wp-json\/wp\/v2\/product_cat?post=36861"},{"taxonomy":"product_tag","embeddable":true,"href":"https:\/\/iglesiapalabrapura.com\/site\/wp-json\/wp\/v2\/product_tag?post=36861"}],"curies":[{"name":"wp","href":"https:\/\/api.w.org\/{rel}","templated":true}]}}