{"id":40576,"date":"2024-07-18T14:32:52","date_gmt":"2024-07-18T19:32:52","guid":{"rendered":"https:\/\/iglesiapalabrapura.com\/site\/?post_type=product&#038;p=40576"},"modified":"2025-10-17T12:19:23","modified_gmt":"2025-10-17T17:19:23","slug":"como-criar-a-las-hijas-consejos-practicos-para-aquellos-que-estan-formando-a-la-proxima-generacion-de-mujeres","status":"publish","type":"product","link":"https:\/\/iglesiapalabrapura.com\/site\/product\/como-criar-a-las-hijas-consejos-practicos-para-aquellos-que-estan-formando-a-la-proxima-generacion-de-mujeres\/","title":{"rendered":"C\u00f3mo Criar a las Hijas: Consejos pr\u00e1cticos para aquellos que est\u00e1n formando a la pr\u00f3xima generaci\u00f3n de mujeres"},"content":{"rendered":"","protected":false},"excerpt":{"rendered":"<p>El libro C\u00f3mo criar a los varones, por el autor renombrado Dr. James Dobson, ha sido y sigue siendo un \u00e9xito de venta (2 millones de ejemplares a la fecha). Ahora, el Dr. Dobson presenta su muy esperado libro compa\u00f1ero: C\u00f3mo criar a las hijas. Basado en extensa investigaci\u00f3n y preparado con el sello del enfoque realista del Dr. Dobson, C\u00f3mo criar a las hijas equipar\u00e1 a padres como usted para enfrentar los retos de criar a sus hijas, a fin de que se conviertan en mujeres saludables, felices y exitosas que superen los desaf\u00edos espec\u00edficos para las ni\u00f1as y mujeres de hoy, y para que a su debido tiempo destaquen en la vida.<\/p>\n","protected":false},"featured_media":40577,"comment_status":"open","ping_status":"closed","template":"","meta":[],"product_cat":[54],"product_tag":[880,881,883,99,882,69],"class_list":{"0":"post-40576","1":"product","2":"type-product","3":"status-publish","4":"has-post-thumbnail","6":"product_cat-libros","7":"product_tag-como-criar-a-las-hijas","8":"product_tag-consejos-practicos","9":"product_tag-dr","10":"product_tag-dr-james-dobson","11":"product_tag-generacion-de-mujeres","12":"product_tag-libro","14":"first","15":"instock","16":"shipping-taxable","17":"purchasable","18":"product-type-simple"},"_links":{"self":[{"href":"https:\/\/iglesiapalabrapura.com\/site\/wp-json\/wp\/v2\/product\/40576","targetHints":{"allow":["GET"]}}],"collection":[{"href":"https:\/\/iglesiapalabrapura.com\/site\/wp-json\/wp\/v2\/product"}],"about":[{"href":"https:\/\/iglesiapalabrapura.com\/site\/wp-json\/wp\/v2\/types\/product"}],"replies":[{"embeddable":true,"href":"https:\/\/iglesiapalabrapura.com\/site\/wp-json\/wp\/v2\/comments?post=40576"}],"wp:featuredmedia":[{"embeddable":true,"href":"https:\/\/iglesiapalabrapura.com\/site\/wp-json\/wp\/v2\/media\/40577"}],"wp:attachment":[{"href":"https:\/\/iglesiapalabrapura.com\/site\/wp-json\/wp\/v2\/media?parent=40576"}],"wp:term":[{"taxonomy":"product_cat","embeddable":true,"href":"https:\/\/iglesiapalabrapura.com\/site\/wp-json\/wp\/v2\/product_cat?post=40576"},{"taxonomy":"product_tag","embeddable":true,"href":"https:\/\/iglesiapalabrapura.com\/site\/wp-json\/wp\/v2\/product_tag?post=40576"}],"curies":[{"name":"wp","href":"https:\/\/api.w.org\/{rel}","templated":true}]}}