{"id":40764,"date":"2024-08-23T09:42:40","date_gmt":"2024-08-23T14:42:40","guid":{"rendered":"https:\/\/iglesiapalabrapura.com\/site\/?post_type=product&#038;p=40764"},"modified":"2025-10-17T12:18:03","modified_gmt":"2025-10-17T17:18:03","slug":"como-criar-a-los-varones-consejos-practicos-para-aquellos-que-estan-formando-a-la-proxima-generacion-de-hombres","status":"publish","type":"product","link":"https:\/\/iglesiapalabrapura.com\/site\/product\/como-criar-a-los-varones-consejos-practicos-para-aquellos-que-estan-formando-a-la-proxima-generacion-de-hombres\/","title":{"rendered":"C\u00f3mo criar a los varones: Consejos pr\u00e1cticos para aquellos que est\u00e1n formando a la pr\u00f3xima generaci\u00f3n de hombres"},"content":{"rendered":"","protected":false},"excerpt":{"rendered":"<p><b>Aqu\u00ed tenemos consejos sensatos y aliento solidario por la autoridad m\u00e1s confiable en la crianza de los hijos, el Dr. James Dobson, para criar a los varones. <\/b>Con tanta confusi\u00f3n sobre el papel de los hombres en nuestra sociedad, no es de extra\u00f1ar que tengamos preguntas sobre c\u00f3mo educar a los varones. \u00bfPor qu\u00e9 hay tantos varones en crisis? \u00bfQu\u00e9 cualidades debemos tratar de inculcar en los hombres j\u00f3venes? Nuestra cultura ha vilipendiado la masculinidad y, como resultado, una generaci\u00f3n entera de ni\u00f1os varones crece sin una idea clara de lo que significa ser hombre. En el \u00e9xito de venta C\u00f3mo criar a los varones, el Dr. Dobson se basa tanto en su experiencia en psicolog\u00eda infantil y consejer\u00eda familiar como en investigaciones extensas para ofrecerle consejos y aliento basados en un firme cimiento de principios b\u00edblicos.<\/p>\n","protected":false},"featured_media":40765,"comment_status":"open","ping_status":"closed","template":"","meta":[],"product_cat":[846,54,1171],"product_tag":[896,895,69],"class_list":{"0":"post-40764","1":"product","2":"type-product","3":"status-publish","4":"has-post-thumbnail","6":"product_cat-jamesdobson","7":"product_cat-libros","8":"product_cat-por-autor","9":"product_tag-como-criar-a-los-varone","10":"product_tag-james-c-dobson","11":"product_tag-libro","13":"first","14":"instock","15":"shipping-taxable","16":"purchasable","17":"product-type-simple"},"_links":{"self":[{"href":"https:\/\/iglesiapalabrapura.com\/site\/wp-json\/wp\/v2\/product\/40764","targetHints":{"allow":["GET"]}}],"collection":[{"href":"https:\/\/iglesiapalabrapura.com\/site\/wp-json\/wp\/v2\/product"}],"about":[{"href":"https:\/\/iglesiapalabrapura.com\/site\/wp-json\/wp\/v2\/types\/product"}],"replies":[{"embeddable":true,"href":"https:\/\/iglesiapalabrapura.com\/site\/wp-json\/wp\/v2\/comments?post=40764"}],"wp:featuredmedia":[{"embeddable":true,"href":"https:\/\/iglesiapalabrapura.com\/site\/wp-json\/wp\/v2\/media\/40765"}],"wp:attachment":[{"href":"https:\/\/iglesiapalabrapura.com\/site\/wp-json\/wp\/v2\/media?parent=40764"}],"wp:term":[{"taxonomy":"product_cat","embeddable":true,"href":"https:\/\/iglesiapalabrapura.com\/site\/wp-json\/wp\/v2\/product_cat?post=40764"},{"taxonomy":"product_tag","embeddable":true,"href":"https:\/\/iglesiapalabrapura.com\/site\/wp-json\/wp\/v2\/product_tag?post=40764"}],"curies":[{"name":"wp","href":"https:\/\/api.w.org\/{rel}","templated":true}]}}