{"id":71497,"date":"2025-05-06T14:31:43","date_gmt":"2025-05-06T19:31:43","guid":{"rendered":"https:\/\/iglesiapalabrapura.com\/site\/?post_type=product&#038;p=71497"},"modified":"2025-07-16T14:23:47","modified_gmt":"2025-07-16T19:23:47","slug":"la-gracia-el-adn-de-dios","status":"publish","type":"product","link":"https:\/\/iglesiapalabrapura.com\/site\/product\/la-gracia-el-adn-de-dios\/","title":{"rendered":"La Gracia: El ADN de Dios"},"content":{"rendered":"<p>Es realmente uno de los temas m\u00e1s asombrosos de la Bibia que trasforma la vida. Tony cooke lleva al lector por un viaje para no s\u00f3lo enterder sino tambi\u00e9n experiementar la gracia de Dios. La gracia de Dios es multifac\u00e9tica, y se aplica en cada \u00e1rea de la vida del creyente. \u00c9l explora:<\/p>\n<p>La gracia que salva.<br \/>\nLa gracia que santifica.<br \/>\nLa gracia que fortalece.<br \/>\nLa gracia que comparte.<br \/>\nLa gracia que sirve.<br \/>\nLa gracia no es una manera de evasi\u00f3n de resposabilidades; m\u00e1s bien, es un catalizador que nos permite poderosamente ser y hacer todo lo que Dios nos ha llamado a ser a logar.<\/p>\n<p>Este libro no s\u00f3lo explica lo que la gracia proporciona, sino tambi\u00e9n discute lo que la gracia produce. A medida que aprenda a participar libre y completamente de la gracias de Dios, podr\u00e1 decir como el ap\u00f3stol pablo \u201cPero por la gracia de Dios soy lo que soy\u201d(1 Corintios 15:10).<\/p>\n","protected":false},"excerpt":{"rendered":"<p>Tony Cooke lleva al lector por un viaje para no s\u00f3lo enterder sino tambi\u00e9n experiementar la gracia de Dios. La gracia de Dios es multifac\u00e9tica, y se aplica en cada \u00e1rea de la vida del creyente.<\/p>\n","protected":false},"featured_media":71601,"comment_status":"open","ping_status":"closed","template":"","meta":[],"product_cat":[1162,54,1161,1171,1158,1164,1176],"product_tag":[1119,69,1120],"class_list":{"0":"post-71497","1":"product","2":"type-product","3":"status-publish","4":"has-post-thumbnail","6":"product_cat-fe","7":"product_cat-libros","8":"product_cat-oracion","9":"product_cat-por-autor","10":"product_cat-por-temas","11":"product_cat-sanidad","12":"product_cat-tony-cooke","13":"product_tag-la-gracia-el-adn-de-dios","14":"product_tag-libro","15":"product_tag-tony-cooke","17":"first","18":"instock","19":"shipping-taxable","20":"purchasable","21":"product-type-simple"},"_links":{"self":[{"href":"https:\/\/iglesiapalabrapura.com\/site\/wp-json\/wp\/v2\/product\/71497","targetHints":{"allow":["GET"]}}],"collection":[{"href":"https:\/\/iglesiapalabrapura.com\/site\/wp-json\/wp\/v2\/product"}],"about":[{"href":"https:\/\/iglesiapalabrapura.com\/site\/wp-json\/wp\/v2\/types\/product"}],"replies":[{"embeddable":true,"href":"https:\/\/iglesiapalabrapura.com\/site\/wp-json\/wp\/v2\/comments?post=71497"}],"wp:featuredmedia":[{"embeddable":true,"href":"https:\/\/iglesiapalabrapura.com\/site\/wp-json\/wp\/v2\/media\/71601"}],"wp:attachment":[{"href":"https:\/\/iglesiapalabrapura.com\/site\/wp-json\/wp\/v2\/media?parent=71497"}],"wp:term":[{"taxonomy":"product_cat","embeddable":true,"href":"https:\/\/iglesiapalabrapura.com\/site\/wp-json\/wp\/v2\/product_cat?post=71497"},{"taxonomy":"product_tag","embeddable":true,"href":"https:\/\/iglesiapalabrapura.com\/site\/wp-json\/wp\/v2\/product_tag?post=71497"}],"curies":[{"name":"wp","href":"https:\/\/api.w.org\/{rel}","templated":true}]}}