{"id":71503,"date":"2025-05-06T14:50:53","date_gmt":"2025-05-06T19:50:53","guid":{"rendered":"https:\/\/iglesiapalabrapura.com\/site\/?post_type=product&#038;p=71503"},"modified":"2026-01-23T18:17:53","modified_gmt":"2026-01-23T23:17:53","slug":"fe-autentica","status":"publish","type":"product","link":"https:\/\/iglesiapalabrapura.com\/site\/product\/fe-autentica\/","title":{"rendered":"Fe Aut\u00e9ntica"},"content":{"rendered":"<p>Hasta el d\u00eda de su muerte, A. W. Tozer jam\u00e1s dej\u00f3 de exhortar a la Iglesia para que caminase como aquellos que realmente pertenecen al reino de Dios. Aunque nunca rebaj\u00f3 su cr\u00edtica contra lo que \u00e9l llamaba \u00abel iglesianismo\u00bb, forjada en torno al espect\u00e1culo, cre\u00eda que la Iglesia estaba lista para renovarse, y anhelaba verla regresar a lo que fue antes, a aquel modelo tipificado por la Iglesia primitiva llena del Esp\u00edritu Santo, humilde y amorosa. Si se ha preguntado alguna vez por qu\u00e9 la Iglesia tiene poca influencia en el mundo y, de igual manera, c\u00f3mo su vida personal podr\u00eda constituir m\u00e1s claramente el testimonio poderoso que caracteriz\u00f3 a los primeros cristianos, las palabras de Tozer, severas y rotundas, le recordar\u00e1n qu\u00e9 es lo que le falta, y le retar\u00e1n para que renuncie a lo superficial de modo que pueda caminar hacia la fe aut\u00e9ntica.<\/p>\n","protected":false},"excerpt":{"rendered":"<p>Si se ha preguntado alguna vez por qu\u00e9 la Iglesia tiene poca influencia en el mundo y, de igual manera, c\u00f3mo su vida personal podr\u00eda constituir m\u00e1s claramente el testimonio poderoso que caracteriz\u00f3 a los primeros cristianos, las palabras de Tozer, severas y rotundas, le recordar\u00e1n qu\u00e9 es lo que le falta, y le retar\u00e1n para que renuncie a lo superficial de modo que pueda caminar hacia la fe aut\u00e9ntica.<\/p>\n","protected":false},"featured_media":71605,"comment_status":"open","ping_status":"closed","template":"","meta":[],"product_cat":[850,1162,54,1171,1158],"product_tag":[510,1122,69],"class_list":{"0":"post-71503","1":"product","2":"type-product","3":"status-publish","4":"has-post-thumbnail","6":"product_cat-a-w-tozer","7":"product_cat-fe","8":"product_cat-libros","9":"product_cat-por-autor","10":"product_cat-por-temas","11":"product_tag-a-w-tozer","12":"product_tag-fe-autentica","13":"product_tag-libro","15":"first","16":"instock","17":"shipping-taxable","18":"purchasable","19":"product-type-simple"},"_links":{"self":[{"href":"https:\/\/iglesiapalabrapura.com\/site\/wp-json\/wp\/v2\/product\/71503","targetHints":{"allow":["GET"]}}],"collection":[{"href":"https:\/\/iglesiapalabrapura.com\/site\/wp-json\/wp\/v2\/product"}],"about":[{"href":"https:\/\/iglesiapalabrapura.com\/site\/wp-json\/wp\/v2\/types\/product"}],"replies":[{"embeddable":true,"href":"https:\/\/iglesiapalabrapura.com\/site\/wp-json\/wp\/v2\/comments?post=71503"}],"wp:featuredmedia":[{"embeddable":true,"href":"https:\/\/iglesiapalabrapura.com\/site\/wp-json\/wp\/v2\/media\/71605"}],"wp:attachment":[{"href":"https:\/\/iglesiapalabrapura.com\/site\/wp-json\/wp\/v2\/media?parent=71503"}],"wp:term":[{"taxonomy":"product_cat","embeddable":true,"href":"https:\/\/iglesiapalabrapura.com\/site\/wp-json\/wp\/v2\/product_cat?post=71503"},{"taxonomy":"product_tag","embeddable":true,"href":"https:\/\/iglesiapalabrapura.com\/site\/wp-json\/wp\/v2\/product_tag?post=71503"}],"curies":[{"name":"wp","href":"https:\/\/api.w.org\/{rel}","templated":true}]}}