{"id":72887,"date":"2025-10-24T17:57:22","date_gmt":"2025-10-24T22:57:22","guid":{"rendered":"https:\/\/iglesiapalabrapura.com\/site\/?post_type=product&#038;p=72887"},"modified":"2026-01-23T17:29:33","modified_gmt":"2026-01-23T22:29:33","slug":"biblia-inspira-ntv","status":"publish","type":"product","link":"https:\/\/iglesiapalabrapura.com\/site\/product\/biblia-inspira-ntv\/","title":{"rendered":"Biblia Inspira NTV"},"content":{"rendered":"","protected":false},"excerpt":{"rendered":"<p><strong><b>\u00a0<\/b><\/strong>La\u00a0Biblia Inspira\u00a0es la versi\u00f3n en espa\u00f1ol de la\u00a0Inspire Bible, la Biblia para colorear m\u00e1s vendida en ingl\u00e9s.<\/p>\n<p>La\u00a0Biblia Inspira\u00a0NTV utiliza la expresi\u00f3n creativa para conectarte con Dios y con las Escrituras. Esta Biblia de una sola columna con amplio margen para anotaciones contiene m\u00e1s de 400 hermosas ilustraciones creadas por artistas latinoamericanos para colorear e inspirar la creatividad mientras lees la Palabra de Dios.<\/p>\n<p>La\u00a0Biblia Inspira\u00a0es excelente para el uso individual, as\u00ed como para las interacciones sociales, ya que se adapta bien a grupos peque\u00f1os que buscan un pasatiempo creativo. Ser\u00e1 divertido compartir tus obras de arte e inspirar a otros a trav\u00e9s de las Escrituras.<\/p>\n<p>Las caracter\u00edsticas especiales de esta Biblia incluyen:<\/p>\n<p>El texto claro y preciso de la Nueva Traducci\u00f3n Viviente<\/p>\n<p>Texto de la Biblia en una sola columna<\/p>\n<p>Un amplio margen para escribir notas y reflexiones<\/p>\n<p>M\u00e1s de 400 hermosas ilustraciones para colorear<\/p>\n<p>Arte b\u00edblico de p\u00e1gina completa y de p\u00e1gina parcial<\/p>\n<p>Un tama\u00f1o de letra generoso de 8,25<\/p>\n","protected":false},"featured_media":72888,"comment_status":"open","ping_status":"closed","template":"","meta":[],"product_cat":[55,1153,1155],"product_tag":[191,1235],"class_list":{"0":"post-72887","1":"product","2":"type-product","3":"status-publish","4":"has-post-thumbnail","6":"product_cat-biblias","7":"product_cat-biblias-por-version","8":"product_cat-ntv","9":"product_tag-biblia","10":"product_tag-biblia-inspira-ntv","12":"first","13":"outofstock","14":"shipping-taxable","15":"purchasable","16":"product-type-simple"},"_links":{"self":[{"href":"https:\/\/iglesiapalabrapura.com\/site\/wp-json\/wp\/v2\/product\/72887","targetHints":{"allow":["GET"]}}],"collection":[{"href":"https:\/\/iglesiapalabrapura.com\/site\/wp-json\/wp\/v2\/product"}],"about":[{"href":"https:\/\/iglesiapalabrapura.com\/site\/wp-json\/wp\/v2\/types\/product"}],"replies":[{"embeddable":true,"href":"https:\/\/iglesiapalabrapura.com\/site\/wp-json\/wp\/v2\/comments?post=72887"}],"wp:featuredmedia":[{"embeddable":true,"href":"https:\/\/iglesiapalabrapura.com\/site\/wp-json\/wp\/v2\/media\/72888"}],"wp:attachment":[{"href":"https:\/\/iglesiapalabrapura.com\/site\/wp-json\/wp\/v2\/media?parent=72887"}],"wp:term":[{"taxonomy":"product_cat","embeddable":true,"href":"https:\/\/iglesiapalabrapura.com\/site\/wp-json\/wp\/v2\/product_cat?post=72887"},{"taxonomy":"product_tag","embeddable":true,"href":"https:\/\/iglesiapalabrapura.com\/site\/wp-json\/wp\/v2\/product_tag?post=72887"}],"curies":[{"name":"wp","href":"https:\/\/api.w.org\/{rel}","templated":true}]}}