{"id":72891,"date":"2025-10-24T18:02:01","date_gmt":"2025-10-24T23:02:01","guid":{"rendered":"https:\/\/iglesiapalabrapura.com\/site\/?post_type=product&#038;p=72891"},"modified":"2026-01-23T17:37:53","modified_gmt":"2026-01-23T22:37:53","slug":"biblia-ntv-compacta-negro-carmesi-biblia-de-bolsillo","status":"publish","type":"product","link":"https:\/\/iglesiapalabrapura.com\/site\/product\/biblia-ntv-compacta-negro-carmesi-biblia-de-bolsillo\/","title":{"rendered":"Biblia NTV Compacta Negro Carmes\u00ed [Biblia de Bolsillo]"},"content":{"rendered":"","protected":false},"excerpt":{"rendered":"<p>La Edici\u00f3n compacta de la Nueva Traducci\u00f3n Viviente (NTV) ahora est\u00e1 disponible en una hermosa encuadernaci\u00f3n de tela con cierre de z\u00edper. Esta edici\u00f3n contempor\u00e1nea fue creada los que quieran una Biblia compacta f\u00e1cil de llevar a todo lugar y con un dise\u00f1o totalmente nuevo. Incluye una p\u00e1gina de presentaci\u00f3n. La NTV es una traducci\u00f3n excepcional de la Biblia, redactada en un espa\u00f1ol f\u00e1cil de comprender y fiel a los idiomas originales. Es el fruto del trabajo de un equipo de m\u00e1s 50 destacados eruditos de la Biblia. La erudici\u00f3n y la claridad de la NTV le dan vida aun a los pasajes m\u00e1s dif\u00edciles. Sin embargo, lo m\u00e1s impresionante de la NTV son los testimonios de c\u00f3mo esta Biblia est\u00e1 cambiando la vida de las personas al hablarles directamente al coraz\u00f3n. Por eso la llamamos \u00abLA VERDAD CON CLARIDAD\u00bb.<\/p>\n","protected":false},"featured_media":72892,"comment_status":"open","ping_status":"closed","template":"","meta":[],"product_cat":[55,1153,1155],"product_tag":[191,1238,1237],"class_list":{"0":"post-72891","1":"product","2":"type-product","3":"status-publish","4":"has-post-thumbnail","6":"product_cat-biblias","7":"product_cat-biblias-por-version","8":"product_cat-ntv","9":"product_tag-biblia","10":"product_tag-biblia-de-bolsillo","11":"product_tag-biblia-ntv-compacta-negro-carmesi","13":"first","14":"instock","15":"shipping-taxable","16":"purchasable","17":"product-type-simple"},"_links":{"self":[{"href":"https:\/\/iglesiapalabrapura.com\/site\/wp-json\/wp\/v2\/product\/72891","targetHints":{"allow":["GET"]}}],"collection":[{"href":"https:\/\/iglesiapalabrapura.com\/site\/wp-json\/wp\/v2\/product"}],"about":[{"href":"https:\/\/iglesiapalabrapura.com\/site\/wp-json\/wp\/v2\/types\/product"}],"replies":[{"embeddable":true,"href":"https:\/\/iglesiapalabrapura.com\/site\/wp-json\/wp\/v2\/comments?post=72891"}],"wp:featuredmedia":[{"embeddable":true,"href":"https:\/\/iglesiapalabrapura.com\/site\/wp-json\/wp\/v2\/media\/72892"}],"wp:attachment":[{"href":"https:\/\/iglesiapalabrapura.com\/site\/wp-json\/wp\/v2\/media?parent=72891"}],"wp:term":[{"taxonomy":"product_cat","embeddable":true,"href":"https:\/\/iglesiapalabrapura.com\/site\/wp-json\/wp\/v2\/product_cat?post=72891"},{"taxonomy":"product_tag","embeddable":true,"href":"https:\/\/iglesiapalabrapura.com\/site\/wp-json\/wp\/v2\/product_tag?post=72891"}],"curies":[{"name":"wp","href":"https:\/\/api.w.org\/{rel}","templated":true}]}}