{"id":72893,"date":"2025-10-24T18:04:40","date_gmt":"2025-10-24T23:04:40","guid":{"rendered":"https:\/\/iglesiapalabrapura.com\/site\/?post_type=product&#038;p=72893"},"modified":"2026-01-23T11:58:22","modified_gmt":"2026-01-23T16:58:22","slug":"biblia-ntv-cafe","status":"publish","type":"product","link":"https:\/\/iglesiapalabrapura.com\/site\/product\/biblia-ntv-cafe\/","title":{"rendered":"Biblia NTV Caf\u00e9"},"content":{"rendered":"","protected":false},"excerpt":{"rendered":"<p>La Biblia valor pr\u00e9mium NTV con Filament\u00a0es la manera perfecta de leer y disfrutar la Palabra de Dios, con un precio accesible. Esta Biblia es atractiva, port\u00e1til, f\u00e1cil de leer y tiene la confiable y muy querida Nueva Traducci\u00f3n Viviente (NTV). Tambi\u00e9n est\u00e1 habilitada con la innovadora aplicaci\u00f3n \u00abFilament Bible\u00bb.<\/p>\n<p>Las caracter\u00edsticas especiales de esta Biblia incluyen:<\/p>\n<p>El texto claro y preciso de la Nueva Traducci\u00f3n Viviente<\/p>\n<p>Lista alfab\u00e9tica de los libros de la Biblia<\/p>\n<p>Tama\u00f1o de letra de 8,25 puntos para una c\u00f3moda experiencia de lectura<\/p>\n<p>Dise\u00f1o delgado, conveniente, atractivo y port\u00e1til<\/p>\n<p>Un precio muy accesible<\/p>\n<p>Habilitada para la aplicaci\u00f3n \u00abFilament Bible\u00bb, que provee contenido adicional relacionado con cada p\u00e1gina<\/p>\n","protected":false},"featured_media":72894,"comment_status":"open","ping_status":"closed","template":"","meta":[],"product_cat":[55,1153,1155],"product_tag":[191,1239],"class_list":{"0":"post-72893","1":"product","2":"type-product","3":"status-publish","4":"has-post-thumbnail","6":"product_cat-biblias","7":"product_cat-biblias-por-version","8":"product_cat-ntv","9":"product_tag-biblia","10":"product_tag-biblia-ntv-cafe","12":"first","13":"instock","14":"shipping-taxable","15":"purchasable","16":"product-type-simple"},"_links":{"self":[{"href":"https:\/\/iglesiapalabrapura.com\/site\/wp-json\/wp\/v2\/product\/72893","targetHints":{"allow":["GET"]}}],"collection":[{"href":"https:\/\/iglesiapalabrapura.com\/site\/wp-json\/wp\/v2\/product"}],"about":[{"href":"https:\/\/iglesiapalabrapura.com\/site\/wp-json\/wp\/v2\/types\/product"}],"replies":[{"embeddable":true,"href":"https:\/\/iglesiapalabrapura.com\/site\/wp-json\/wp\/v2\/comments?post=72893"}],"wp:featuredmedia":[{"embeddable":true,"href":"https:\/\/iglesiapalabrapura.com\/site\/wp-json\/wp\/v2\/media\/72894"}],"wp:attachment":[{"href":"https:\/\/iglesiapalabrapura.com\/site\/wp-json\/wp\/v2\/media?parent=72893"}],"wp:term":[{"taxonomy":"product_cat","embeddable":true,"href":"https:\/\/iglesiapalabrapura.com\/site\/wp-json\/wp\/v2\/product_cat?post=72893"},{"taxonomy":"product_tag","embeddable":true,"href":"https:\/\/iglesiapalabrapura.com\/site\/wp-json\/wp\/v2\/product_tag?post=72893"}],"curies":[{"name":"wp","href":"https:\/\/api.w.org\/{rel}","templated":true}]}}