{"id":73224,"date":"2026-02-05T14:22:45","date_gmt":"2026-02-05T19:22:45","guid":{"rendered":"https:\/\/iglesiapalabrapura.com\/site\/?post_type=product&#038;p=73224"},"modified":"2026-02-05T14:25:24","modified_gmt":"2026-02-05T19:25:24","slug":"el-exito-a-la-manera-de-dios-charles-stanley","status":"publish","type":"product","link":"https:\/\/iglesiapalabrapura.com\/site\/product\/el-exito-a-la-manera-de-dios-charles-stanley\/","title":{"rendered":"El \u00c9xito a la manera de Dios &#8211; Charles Stanley"},"content":{"rendered":"","protected":false},"excerpt":{"rendered":"<p>El \u00e9xito genuino, desde el punto de vista de Dios, esta arraigado en la categor\u00eda en que Dios nos ha puesto, en las metas que Dios quiere para nuestras vidas. Mientras que el mundo tiende a definir el \u00e9xito en t\u00e9rminos de fama y fortuna, el Dr. Stanley cree que Dios resume los \u00e9xitos en t\u00e9rminos de relaci\u00f3n, car\u00e1cter y obediencia.<\/p>\n","protected":false},"featured_media":73225,"comment_status":"open","ping_status":"closed","template":"","meta":[],"product_cat":[54,1158,1159],"product_tag":[735,69],"class_list":{"0":"post-73224","1":"product","2":"type-product","3":"status-publish","4":"has-post-thumbnail","6":"product_cat-libros","7":"product_cat-por-temas","8":"product_cat-vida-cristiana","9":"product_tag-charles-f-stanley","10":"product_tag-libro","12":"first","13":"instock","14":"shipping-taxable","15":"purchasable","16":"product-type-simple"},"_links":{"self":[{"href":"https:\/\/iglesiapalabrapura.com\/site\/wp-json\/wp\/v2\/product\/73224","targetHints":{"allow":["GET"]}}],"collection":[{"href":"https:\/\/iglesiapalabrapura.com\/site\/wp-json\/wp\/v2\/product"}],"about":[{"href":"https:\/\/iglesiapalabrapura.com\/site\/wp-json\/wp\/v2\/types\/product"}],"replies":[{"embeddable":true,"href":"https:\/\/iglesiapalabrapura.com\/site\/wp-json\/wp\/v2\/comments?post=73224"}],"wp:featuredmedia":[{"embeddable":true,"href":"https:\/\/iglesiapalabrapura.com\/site\/wp-json\/wp\/v2\/media\/73225"}],"wp:attachment":[{"href":"https:\/\/iglesiapalabrapura.com\/site\/wp-json\/wp\/v2\/media?parent=73224"}],"wp:term":[{"taxonomy":"product_cat","embeddable":true,"href":"https:\/\/iglesiapalabrapura.com\/site\/wp-json\/wp\/v2\/product_cat?post=73224"},{"taxonomy":"product_tag","embeddable":true,"href":"https:\/\/iglesiapalabrapura.com\/site\/wp-json\/wp\/v2\/product_tag?post=73224"}],"curies":[{"name":"wp","href":"https:\/\/api.w.org\/{rel}","templated":true}]}}