{"id":73924,"date":"2026-04-01T16:31:29","date_gmt":"2026-04-01T21:31:29","guid":{"rendered":"https:\/\/iglesiapalabrapura.com\/site\/?post_type=product&#038;p=73924"},"modified":"2026-04-01T16:33:11","modified_gmt":"2026-04-01T21:33:11","slug":"por-que-dios-me-hizo-nina","status":"publish","type":"product","link":"https:\/\/iglesiapalabrapura.com\/site\/product\/por-que-dios-me-hizo-nina\/","title":{"rendered":"\u00bfPor qu\u00e9 Dios me hizo ni\u00f1a?"},"content":{"rendered":"","protected":false},"excerpt":{"rendered":"<p>Estos dos libros, \u00bfPor qu\u00e9 Dios me hizo ni\u00f1a? Y \u00bfPor qu\u00e9 Dios me hizo ni\u00f1o? fueron escritos por Joe Owen del ministerio apolog\u00e9tico Respuestas en G\u00e9nesis, junto con su hija Abby Owen, con el fin de apoyar a los pap\u00e1s y mam\u00e1s no solo para contrarrestar el bombardeo de la ideolog\u00eda de g\u00e9nero a su hogar, sino tambi\u00e9n para ense\u00f1ar a los ni\u00f1os c\u00f3mo Dios se quiere glorificar en su respectiva hombr\u00eda o feminidad. Ya que ninguno de nosotros hemos vivido de acuerdo con ella, tambi\u00e9n estos libros presentan el mensaje de la redenci\u00f3n de Cristo y de c\u00f3mo solo en \u00c9l y por \u00c9l, podemos vivir los aspectos estructurales y funcionales de la imagen de Dios en nosotros para la gloria de Dios en Cristo.<\/p>\n","protected":false},"featured_media":73925,"comment_status":"open","ping_status":"closed","template":"","meta":[],"product_cat":[264,1167,1158],"product_tag":[1298,1296,1295,362,192],"class_list":{"0":"post-73924","1":"product","2":"type-product","3":"status-publish","4":"has-post-thumbnail","6":"product_cat-infantil","7":"product_cat-ninos","8":"product_cat-por-temas","9":"product_tag-por-que-dios-me-hizo-nina","10":"product_tag-abby-owen","11":"product_tag-joe-owen","12":"product_tag-libros","13":"product_tag-ninos","15":"first","16":"instock","17":"shipping-taxable","18":"purchasable","19":"product-type-simple"},"_links":{"self":[{"href":"https:\/\/iglesiapalabrapura.com\/site\/wp-json\/wp\/v2\/product\/73924","targetHints":{"allow":["GET"]}}],"collection":[{"href":"https:\/\/iglesiapalabrapura.com\/site\/wp-json\/wp\/v2\/product"}],"about":[{"href":"https:\/\/iglesiapalabrapura.com\/site\/wp-json\/wp\/v2\/types\/product"}],"replies":[{"embeddable":true,"href":"https:\/\/iglesiapalabrapura.com\/site\/wp-json\/wp\/v2\/comments?post=73924"}],"wp:featuredmedia":[{"embeddable":true,"href":"https:\/\/iglesiapalabrapura.com\/site\/wp-json\/wp\/v2\/media\/73925"}],"wp:attachment":[{"href":"https:\/\/iglesiapalabrapura.com\/site\/wp-json\/wp\/v2\/media?parent=73924"}],"wp:term":[{"taxonomy":"product_cat","embeddable":true,"href":"https:\/\/iglesiapalabrapura.com\/site\/wp-json\/wp\/v2\/product_cat?post=73924"},{"taxonomy":"product_tag","embeddable":true,"href":"https:\/\/iglesiapalabrapura.com\/site\/wp-json\/wp\/v2\/product_tag?post=73924"}],"curies":[{"name":"wp","href":"https:\/\/api.w.org\/{rel}","templated":true}]}}