{"id":74089,"date":"2026-04-30T18:18:16","date_gmt":"2026-04-30T23:18:16","guid":{"rendered":"https:\/\/iglesiapalabrapura.com\/site\/?post_type=product&#038;p=74089"},"modified":"2026-04-30T18:20:52","modified_gmt":"2026-04-30T23:20:52","slug":"jesus-el-sanador","status":"publish","type":"product","link":"https:\/\/iglesiapalabrapura.com\/site\/product\/jesus-el-sanador\/","title":{"rendered":"Jes\u00fas el Sanador"},"content":{"rendered":"","protected":false},"excerpt":{"rendered":"<p>El Dr. Kenyon ten\u00eda el raro don de presentar verdades b\u00edblicas profundas de manera sencilla y f\u00e1cil de entender.<br \/>\nTambi\u00e9n usted puede ser inspirado a dar el paso y recibir su sanidad, al igual que las muchas multitudes de otras personas que han le\u00eddo Jes\u00fas el Sanador y fueron sanadas.<\/p>\n","protected":false},"featured_media":74090,"comment_status":"open","ping_status":"closed","template":"","meta":[],"product_cat":[54,1158,1164],"product_tag":[1301,1317,362],"class_list":{"0":"post-74089","1":"product","2":"type-product","3":"status-publish","4":"has-post-thumbnail","6":"product_cat-libros","7":"product_cat-por-temas","8":"product_cat-sanidad","9":"product_tag-e-w-kenyon","10":"product_tag-jesus-el-sanador","11":"product_tag-libros","13":"first","14":"instock","15":"shipping-taxable","16":"purchasable","17":"product-type-simple"},"_links":{"self":[{"href":"https:\/\/iglesiapalabrapura.com\/site\/wp-json\/wp\/v2\/product\/74089","targetHints":{"allow":["GET"]}}],"collection":[{"href":"https:\/\/iglesiapalabrapura.com\/site\/wp-json\/wp\/v2\/product"}],"about":[{"href":"https:\/\/iglesiapalabrapura.com\/site\/wp-json\/wp\/v2\/types\/product"}],"replies":[{"embeddable":true,"href":"https:\/\/iglesiapalabrapura.com\/site\/wp-json\/wp\/v2\/comments?post=74089"}],"wp:featuredmedia":[{"embeddable":true,"href":"https:\/\/iglesiapalabrapura.com\/site\/wp-json\/wp\/v2\/media\/74090"}],"wp:attachment":[{"href":"https:\/\/iglesiapalabrapura.com\/site\/wp-json\/wp\/v2\/media?parent=74089"}],"wp:term":[{"taxonomy":"product_cat","embeddable":true,"href":"https:\/\/iglesiapalabrapura.com\/site\/wp-json\/wp\/v2\/product_cat?post=74089"},{"taxonomy":"product_tag","embeddable":true,"href":"https:\/\/iglesiapalabrapura.com\/site\/wp-json\/wp\/v2\/product_tag?post=74089"}],"curies":[{"name":"wp","href":"https:\/\/api.w.org\/{rel}","templated":true}]}}